{"id":235,"date":"2024-05-02T23:57:58","date_gmt":"2024-05-02T21:57:58","guid":{"rendered":"https:\/\/www.maga.gob.gt\/sitios\/visar\/?page_id=235"},"modified":"2024-05-02T23:57:58","modified_gmt":"2024-05-02T21:57:58","slug":"departamento-de-productos-carnicos-y-mataderos","status":"publish","type":"page","link":"https:\/\/www.maga.gob.gt\/sitios\/visar\/departamento-de-productos-carnicos-y-mataderos\/","title":{"rendered":"Departamento de Productos C\u00e1rnicos y Mataderos"},"content":{"rendered":"<p>[vc_row][vc_column][vc_empty_space][vc_custom_heading text=&#8221;Departamento de Productos C\u00e1rnicos y Mataderos&#8221; font_container=&#8221;tag:h2|text_align:center&#8221; google_fonts=&#8221;font_family:Abel%3Aregular|font_style:400%20regular%3A400%3Anormal&#8221;][vc_column_text]<\/p>\n<p style=\"text-align: justify;\"><strong>SISTEMA OFICIAL DE INSPECCI\u00d3N DE CARNES<\/strong><\/p>\n<p style=\"text-align: justify;\">El Sistema Oficial de Inspecci\u00f3n de Carnes pertenece al Departamento de Productos C\u00e1rnicos y Mataderos de la Direcci\u00f3n de Inocuidad, siendo esta la agencia de vigilancia a la salud p\u00fablica en el Ministerio de Agricultura, Ganader\u00eda y Alimentaci\u00f3n de Guatemala. Este Departamento es el responsable de asegurar la inocuidad de los productos c\u00e1rnicos de todas las especies.<\/p>\n<p style=\"text-align: justify;\">El Departamento tiene la responsabilidad de la implementaci\u00f3n de regulaciones de los Sistemas de Inspecci\u00f3n de Carne (SOIC), Sacrificio Humanitario en especies de abasto (Bienestar Animal) y de la inocuidad de los Productos c\u00e1rnicos de consumo nacional y de exportaci\u00f3n.<\/p>\n<p style=\"text-align: justify;\">Nuestra MISI\u00d3N es Velar por la inocuidad de los productos c\u00e1rnicos para que estos cumplan con requisitos nacionales e internacionales, para que al final sean aptos para consumidor final.<\/p>\n<p>[\/vc_column_text][\/vc_column][\/vc_row][vc_row][vc_column][vc_custom_heading text=&#8221;Estructura&#8221; font_container=&#8221;tag:h2|text_align:center&#8221; google_fonts=&#8221;font_family:Abel%3Aregular|font_style:400%20regular%3A400%3Anormal&#8221;][vc_column_text]<\/p>\n<p style=\"text-align: justify;\">ESTRUCTURA Y ORGANIZACI\u00d3N<\/p>\n<p>La estrucutra organizacional se\u00a0ve dividida acorde al Sistema Oficial de Inspecci\u00f3n de Carne (SOIC), donde la regulaci\u00f3n nacional lo divide en:<\/p>\n<ul>\n<li>\n<div>Jefe de Departamento de Productos C\u00e1rnicos y Mataderos (Administrador). Representa al coordinador de la Direcci\u00f3n de Inocuidad en temas acorde al Sistema Oficial de Inspecci\u00f3n de Carne.<\/div>\n<\/li>\n<li>\n<div>Supervisor de Circuito: Estos son los responsables de mantener el Servicio de Inspecci\u00f3n Oficial de Carne, seg\u00fan los requisitos higi\u00e9nicos y sanitarios establecidos por la legislaci\u00f3n nacional, supervisando cada establecimiento certificado.<\/div>\n<\/li>\n<li>\n<div>M\u00e9dico Veterinario Oficial (MVO): El m\u00e9dico veterinario es el responsable de velar por el cumplimiento del marco legal que regula el funcionamiento higi\u00e9nico sanitario de la \u201cPlanta\u201d a su cargo.<\/div>\n<\/li>\n<li>\n<div>T\u00e9cnico Inspector Oficial (TIO): Persona oficial que colabora con el m\u00e9dico veterinario oficial, encargado de realizar la inspecci\u00f3n sanitaria en mataderos certificados.<\/div>\n<\/li>\n<\/ul>\n<p><a href=\"https:\/\/visar.maga.gob.gt\/visar\/2021\/inoc\/per-carnicos21.pdf\" target=\"_blank\" rel=\"noopener noreferrer\">Miembros del SOIC<\/a>[\/vc_column_text][\/vc_column][\/vc_row][vc_row][vc_column][vc_custom_heading text=&#8221;Legislaci\u00f3n&#8221; font_container=&#8221;tag:h2|text_align:center&#8221; google_fonts=&#8221;font_family:Abel%3Aregular|font_style:400%20regular%3A400%3Anormal&#8221;][vc_column_text]<\/p>\n<ul>\n<li>Acuerdo Gubernativo No.\u00a0<a title=\"\" href=\"http:\/\/portal2.maga.gob.gt\/unr_normativas\/pdfs\/411-2002.pdf\" target=\"_blank\" rel=\"noopener\">411-2002<\/a>: Reglamento de rastros bovinos, porcinos y aves<\/li>\n<li>Acuerdo Gubernativo No.\u00a0<a title=\"\" href=\"http:\/\/portal2.maga.gob.gt\/unr_normativas\/pdfs\/384-2010.pdf\" target=\"_blank\" rel=\"noopener\">384-2010<\/a>: Reglamento para plantas de sacrificio, de transformaci\u00f3n y almacenadoras de bovinos<\/li>\n<li>Acuerdo Ministerial No.\u00a0<a title=\"\" href=\"http:\/\/portal2.maga.gob.gt\/unr_normativas\/pdfs\/382-2014.pdf\" target=\"_blank\" rel=\"noopener noreferrer\">382-2014<\/a>: Normativa para Realizar Inspecci\u00f3n Higi\u00e9nico-Sanitaria en Pa\u00eds de Origen a Establecimientos de Producci\u00f3n, Transformaci\u00f3n o Acopio de Alimentos de Origen Animal y Vegetal no Procesados, Interesados en Exportarlos a Guatemala<\/li>\n<li>Acuerdo Gubernativo No.\u00a0<a title=\"\" href=\"http:\/\/portal2.maga.gob.gt\/unr_normativas\/pdfs\/969-99.pdf\" target=\"_blank\" rel=\"noopener\">969-99<\/a>: Reglamento para la Inocuidad de los Alimentos<\/li>\n<li>Decreto No.\u00a0<a title=\"\" href=\"http:\/\/www.mspas.gob.gt\/files\/Descargas\/DGRVCS\/Salud_publica\/Decretos\/DEC_90_97.pdf\" target=\"_blank\" rel=\"noopener\">90-97<\/a>\u00a0C\u00f3digo de Salud<\/li>\n<\/ul>\n<p>[\/vc_column_text][\/vc_column][\/vc_row][vc_row][vc_column][vc_custom_heading text=&#8221;Formularios&#8221; font_container=&#8221;tag:h2|text_align:center&#8221; google_fonts=&#8221;font_family:Abel%3Aregular|font_style:400%20regular%3A400%3Anormal&#8221;][vc_column_text]<\/p>\n<ul>\n<li><a href=\"https:\/\/visar.maga.gob.gt\/?page_id=13000\" target=\"_blank\" rel=\"noopener noreferrer\">Formularios<\/a><\/li>\n<\/ul>\n<p>[\/vc_column_text][\/vc_column][\/vc_row][vc_row][vc_column][vc_custom_heading text=&#8221;Manuales&#8221; font_container=&#8221;tag:h2|text_align:center&#8221; google_fonts=&#8221;font_family:Abel%3Aregular|font_style:400%20regular%3A400%3Anormal&#8221;][vc_column_text]<\/p>\n<ul>\n<li><a href=\"https:\/\/visar.maga.gob.gt\/visar\/ia\/mlpr\/MAPSOIC01.pdf\">Inspecci\u00f3n y Verificaci\u00f3n de los Programas de Sanitizaci\u00f3n y An\u00e1lisis de\u00a0Peligros y Puntos Cr\u00edticos de Control y Reducci\u00f3n de Pat\u00f3genos\u00a0MAP-SOIC-01<\/a><\/li>\n<li><a href=\"https:\/\/visar.maga.gob.gt\/visar\/2017\/ia\/dt\/MAPSOIC02minsantepm.pdf\" target=\"_blank\" rel=\"noopener noreferrer\">Manual de Procedimientos para la Inspecci\u00f3n Ante Mortem y Post Mortem de la Especie Bovina en Mataderos<\/a><\/li>\n<li><a href=\"https:\/\/visar.maga.gob.gt\/visar\/2016\/inoc\/Minspecver.pdf\" target=\"_blank\" rel=\"noopener noreferrer\">Manual de Procedimientos de Inspecci\u00f3n y Verificaci\u00f3n de los Programas de Sanitizaci\u00f3n y An\u00e1lisis de Peligros y Puntos Cr\u00edticos de Control y Reducci\u00f3n de Pat\u00f3genos<\/a><\/li>\n<li><a href=\"https:\/\/visar.maga.gob.gt\/visar\/2016\/inoc\/muestreo-micro.pdf\" target=\"_blank\" rel=\"noopener noreferrer\">Manual de Procedimientos para Muestreo Microbiol\u00f3gico en Establecimientos Certificados<\/a><\/li>\n<li><a href=\"https:\/\/visar.maga.gob.gt\/visar\/2017\/ia\/dt\/MAPSOIC05mer-psacrif.pdf\" target=\"_blank\" rel=\"noopener noreferrer\">Manual de Identificaci\u00f3n de Material Espec\u00edfico de Riesgo (MER) en Plantas de Sacrificio Bovino<\/a><\/li>\n<li><a href=\"https:\/\/visar.maga.gob.gt\/visar\/2017\/ia\/dt\/MAPSOIC03mreq-cosnst.pdf\" target=\"_blank\" rel=\"noopener noreferrer\">Manual de Requisitos Higi\u00e9nico-Sanitarios para el Dise\u00f1o de Instalaciones, Construcci\u00f3n y Equipo de un Matadero para la Especie Bovina<\/a><\/li>\n<\/ul>\n<p>[\/vc_column_text][\/vc_column][\/vc_row][vc_row][vc_column][vc_custom_heading text=&#8221;Procedimientos&#8221; font_container=&#8221;tag:h2|text_align:center&#8221; google_fonts=&#8221;font_family:Abel%3Aregular|font_style:400%20regular%3A400%3Anormal&#8221;][vc_column_text]<\/p>\n<ul>\n<li><a href=\"https:\/\/visar.maga.gob.gt\/visar\/ia\/mlpr\/PRSOIC01.pdf\">Procedimiento\u00a0 de Licencias Sanitarias de Funcionamiento<\/a><\/li>\n<li><a href=\"https:\/\/visar.maga.gob.gt\/visar\/ia\/mlpr\/PRSOIC02.pdf\">Procedimiento de Inspecci\u00f3n Sanitaria<\/a><\/li>\n<li><a href=\"https:\/\/visar.maga.gob.gt\/visar\/ia\/mlpr\/PRSOIC03.pdf\">Procedimiento de Licencias Sanitarias de Transporte<\/a><\/li>\n<li><a href=\"https:\/\/visar.maga.gob.gt\/visar\/ia\/mlpr\/PRSOIC04.pdf\">Procedimiento\u00a0para Inspecci\u00f3n de Or\u00edgen<\/a><\/li>\n<li><a href=\"https:\/\/visar.maga.gob.gt\/visar\/ia\/mlpr\/PRSOIC05.pdf\">Procedimiento para Legalizar los Servicios de Inspecci\u00f3n Autorizados<\/a><\/li>\n<li><a href=\"https:\/\/visar.maga.gob.gt\/visar\/ia\/mlpr\/PRSOIC06.pdf\">Procedimiento de Informes Mensuales de Lesiones en Mataderos Certificados<\/a><\/li>\n<li><a href=\"https:\/\/visar.maga.gob.gt\/visar\/ia\/mlpr\/PRSOIC08.pdf\">Procedimiento de Asignaci\u00f3n de Nomenclatura para las Licencias Sanitarias de Funcionamiento<\/a><\/li>\n<\/ul>\n<p>[\/vc_column_text][\/vc_column][\/vc_row][vc_row][vc_column][vc_custom_heading text=&#8221;Establecimientos Autorizados&#8221; font_container=&#8221;tag:h2|text_align:center&#8221; google_fonts=&#8221;font_family:Abel%3Aregular|font_style:400%20regular%3A400%3Anormal&#8221;][vc_column_text]Establecimientos<\/p>\n<ul>\n<li><a href=\"https:\/\/visar.maga.gob.gt\/?page_id=4157\" target=\"_blank\" rel=\"noopener noreferrer\">Productos C\u00e1rnicos<\/a><\/li>\n<\/ul>\n<p>Procedimiento<\/p>\n<ul>\n<li><a href=\"https:\/\/visar.maga.gob.gt\/visar\/ia\/mlpr\/PRSOIC04.pdf\">Procedimiento para la Inspecci\u00f3n de Origen<\/a><\/li>\n<\/ul>\n<p>[\/vc_column_text][\/vc_column][\/vc_row][vc_row][vc_column][vc_custom_heading text=&#8221;Notificaciones&#8221; font_container=&#8221;tag:h2|text_align:center&#8221; google_fonts=&#8221;font_family:Abel%3Aregular|font_style:400%20regular%3A400%3Anormal&#8221;][vc_column_text]<\/p>\n<ul>\n<li><a href=\"https:\/\/visar.maga.gob.gt\/visar\/2016\/inoc\/muest-clenbuterol.pdf\" target=\"_blank\" rel=\"noopener noreferrer\">Muestreo de Productos C\u00e1rnicos en Mataderos Bovinos Certificados<\/a><\/li>\n<\/ul>\n<p>[\/vc_column_text][\/vc_column][\/vc_row][vc_row][vc_column][vc_custom_heading text=&#8221;Cont\u00e1ctenos&#8221; font_container=&#8221;tag:h2|text_align:center&#8221; google_fonts=&#8221;font_family:Abel%3Aregular|font_style:400%20regular%3A400%3Anormal&#8221;][vc_column_text]Departamento de Productos C\u00e1rnicos y Mataderos Tel\u00e9fono: (502) 2413-7000 Ext. 7519 (8 a.m. \u2013 4 p.m)<\/p>\n<div class=\"brdr\"><\/div>\n<p>Direcci\u00f3n de Inocuidad Tel\u00e9fono: (502) 2413-7000 Ext. 7454 Directo: (502) 2413-7454<\/p>\n<div class=\"brdr\"><\/div>\n<p>7 Avenida 12-90 zona 13 Edificio Anexo Monja Blanca. Guatemala, Centro Am\u00e9rica[\/vc_column_text][\/vc_column][\/vc_row][vc_row][vc_column][vc_column_text]<img loading=\"lazy\" decoding=\"async\" src=\"https:\/\/visar.maga.gob.gt\/wp-content\/uploads\/2012\/07\/soic1.jpg\" alt=\"\" width=\"300\" height=\"200\" \/> <img loading=\"lazy\" decoding=\"async\" src=\"https:\/\/visar.maga.gob.gt\/wp-content\/uploads\/2012\/07\/soic2.jpg\" alt=\"\" width=\"300\" height=\"200\" \/> <img loading=\"lazy\" decoding=\"async\" src=\"https:\/\/visar.maga.gob.gt\/wp-content\/uploads\/2012\/07\/soic3.jpg\" alt=\"\" width=\"301\" height=\"201\" \/> <img loading=\"lazy\" decoding=\"async\" src=\"https:\/\/visar.maga.gob.gt\/wp-content\/uploads\/2012\/07\/soic4.jpg\" alt=\"\" width=\"301\" height=\"201\" \/> <img loading=\"lazy\" decoding=\"async\" src=\"https:\/\/visar.maga.gob.gt\/wp-content\/uploads\/2013\/10\/soic-logo1.jpg\" alt=\"\" width=\"100\" height=\"101\" \/>[\/vc_column_text][\/vc_column][\/vc_row]<\/p>\n","protected":false},"excerpt":{"rendered":"<p>[vc_row][vc_column][vc_empty_space][vc_custom_heading text=&#8221;Departamento de Productos C\u00e1rnicos y Mataderos&#8221; font_container=&#8221;tag:h2|text_align:center&#8221; google_fonts=&#8221;font_family:Abel%3Aregular|font_style:400%20regular%3A400%3Anormal&#8221;][vc_column_text] SISTEMA OFICIAL DE INSPECCI\u00d3N DE CARNES El Sistema Oficial de Inspecci\u00f3n de Carnes pertenece al Departamento de Productos C\u00e1rnicos y Mataderos de la Direcci\u00f3n de Inocuidad, siendo esta la agencia de vigilancia a la salud p\u00fablica en el Ministerio de Agricultura, Ganader\u00eda y Alimentaci\u00f3n de Guatemala. [&hellip;]<\/p>\n","protected":false},"author":2,"featured_media":0,"parent":0,"menu_order":0,"comment_status":"closed","ping_status":"closed","template":"","meta":{"footnotes":""},"class_list":["post-235","page","type-page","status-publish","hentry"],"_links":{"self":[{"href":"https:\/\/www.maga.gob.gt\/sitios\/visar\/wp-json\/wp\/v2\/pages\/235","targetHints":{"allow":["GET"]}}],"collection":[{"href":"https:\/\/www.maga.gob.gt\/sitios\/visar\/wp-json\/wp\/v2\/pages"}],"about":[{"href":"https:\/\/www.maga.gob.gt\/sitios\/visar\/wp-json\/wp\/v2\/types\/page"}],"author":[{"embeddable":true,"href":"https:\/\/www.maga.gob.gt\/sitios\/visar\/wp-json\/wp\/v2\/users\/2"}],"replies":[{"embeddable":true,"href":"https:\/\/www.maga.gob.gt\/sitios\/visar\/wp-json\/wp\/v2\/comments?post=235"}],"version-history":[{"count":1,"href":"https:\/\/www.maga.gob.gt\/sitios\/visar\/wp-json\/wp\/v2\/pages\/235\/revisions"}],"predecessor-version":[{"id":236,"href":"https:\/\/www.maga.gob.gt\/sitios\/visar\/wp-json\/wp\/v2\/pages\/235\/revisions\/236"}],"wp:attachment":[{"href":"https:\/\/www.maga.gob.gt\/sitios\/visar\/wp-json\/wp\/v2\/media?parent=235"}],"curies":[{"name":"wp","href":"https:\/\/api.w.org\/{rel}","templated":true}]}}