{"id":224,"date":"2024-05-01T00:10:58","date_gmt":"2024-04-30T22:10:58","guid":{"rendered":"https:\/\/www.maga.gob.gt\/sitios\/visar\/?page_id=224"},"modified":"2025-06-17T19:10:53","modified_gmt":"2025-06-17T17:10:53","slug":"departamento-de-productos-de-origen-animal-e-hidrobiologico","status":"publish","type":"page","link":"https:\/\/www.maga.gob.gt\/sitios\/visar\/departamento-de-productos-de-origen-animal-e-hidrobiologico\/","title":{"rendered":"Departamento de Productos de Origen Animal e Hidrobiol\u00f3gico"},"content":{"rendered":"<p>[vc_row][vc_column][vc_empty_space][vc_custom_heading text=&#8221;Departamento de Productos de Origen Animal e Hidrobiol\u00f3gico&#8221; font_container=&#8221;tag:h2|text_align:center&#8221; google_fonts=&#8221;font_family:Abel%3Aregular|font_style:400%20regular%3A400%3Anormal&#8221;][vc_column_text]<\/p>\n<p align=\"justify\">El Departamento es el responsable de velar por la inocuidad de los alimentos no procesados de origen animal e hidrobiol\u00f3gico, miel, leche y huevo para consumo humano. Controla la inocuidad de los alimentos que se consumen en el territorio nacional y los que son exportados a otros pa\u00edses.<\/p>\n<p align=\"justify\">El departamento a trav\u00e9s de las diferentes secciones controla la inocuidad a trav\u00e9s de inspecciones, auditor\u00edas y muestreo en los establecimientos de almacenamiento, acopio y transformaci\u00f3n. Estos controles se basan en normativa nacional e internacional.<\/p>\n<p align=\"justify\">El departamento realiza un muestreo nacional de contaminantes microbiol\u00f3gicos y residuos qu\u00edmicos para controlar estos peligros en los alimentos que se consumen en Guatemala y los que se exportan a otros pa\u00edses. Actualmente el sector hidrobiol\u00f3gico y miel est\u00e1 exportando a la Uni\u00f3n Europea, Asia y algunos pa\u00edses de Am\u00e9rica.<\/p>\n<p>[\/vc_column_text][\/vc_column][\/vc_row][vc_row][vc_column][vc_tta_accordion style=&#8221;flat&#8221; c_icon=&#8221;triangle&#8221; active_section=&#8221;&#8221; collapsible_all=&#8221;true&#8221;][vc_tta_section title=&#8221;Componente Hidrobiol\u00f3gico&#8221; tab_id=&#8221;1729103044524-ac664c3d-318c&#8221;][vc_column_text]<\/p>\n<p style=\"text-align: left;\" align=\"justify\"><a href=\"https:\/\/www.maga.gob.gt\/sitios\/visar\/componente-hidrobiologico\/\">Componente Hidrobiol\u00f3gico\u00a0<\/a><\/p>\n<p align=\"justify\">El sector hidrobiol\u00f3gico de la Direcci\u00f3n de Inocuidad de los Alimentos del VISAR-MAGA es el responsable de velar por la inocuidad de los alimentos no procesados de origen hidrobiol\u00f3gico en Guatemala y los alimentos procesados y no procesados de consumo humano que se exportan a la Uni\u00f3n Europea.<\/p>\n<p align=\"justify\">Actualmente Guatemala, est\u00e1 exportando camar\u00f3n y at\u00fan a la Uni\u00f3n Europea y pescado a Estados Unidos, Centroam\u00e9rica, China, Vietnam, Jap\u00f3n entre otros.<\/p>\n<p>[\/vc_column_text][\/vc_tta_section][\/vc_tta_accordion][vc_tta_accordion style=&#8221;flat&#8221; c_icon=&#8221;triangle&#8221; active_section=&#8221;&#8221; collapsible_all=&#8221;true&#8221;][vc_tta_section title=&#8221;Componente Miel&#8221; tab_id=&#8221;1747347173930-981f63d6-bbf9&#8243;][vc_column_text]\u201cEl Componente Ap\u00edcola tiene como fin asegurar la inocuidad de los productos ap\u00edcolas comestibles, tales como la miel y el polen, a trav\u00e9s de la inspecci\u00f3n, certificaci\u00f3n, control y vigilancia de unidades de producci\u00f3n, centros de acopio, transformadoras, envasadoras y exportadoras. Anualmente se lleva a cabo el Monitoreo Oficial para la determinaci\u00f3n de residuos qu\u00edmicos en la miel de abejas\u201d.<\/p>\n<p class=\"acc_title current\"><strong>Normativa<\/strong><\/p>\n<ul>\n<li><a title=\"\" href=\"https:\/\/apps.maga.gob.gt\/normativas\/Normativas\/Download\/326\" target=\"_blank\" rel=\"noopener noreferrer\">Acuerdo Ministerial No.169-2012<\/a>: Acu\u00e9rdase establecer las disposiciones aplicables a toda persona dedicada a la Producci\u00f3n, Acopio, Transformaci\u00f3n, Envasado, Almacenaje y Comercializaci\u00f3n de Productos Ap\u00edcolas, dentro del territorio nacional.<\/li>\n<\/ul>\n<p class=\"acc_title current\"><strong>Manuales<\/strong><\/p>\n<ul>\n<li><a href=\"https:\/\/www.maga.gob.gt\/sitios\/visar\/wp-content\/uploads\/2025\/06\/MIEL-MBPA.pdf\">Buenas Pr\u00e1cticas Ap\u00edcolas -BPA-<\/a><\/li>\n<li><a href=\"https:\/\/www.maga.gob.gt\/sitios\/visar\/wp-content\/uploads\/2025\/06\/MIEL-MBPM.pdf\">Buenas Pr\u00e1cticas de Manufactura -BPM-<\/a><\/li>\n<li><a href=\"https:\/\/www.maga.gob.gt\/sitios\/visar\/wp-content\/uploads\/2025\/05\/mapicolabp.pdf\" target=\"_blank\" rel=\"noopener noreferrer\">Manual de Buenas Pr\u00e1cticas Ap\u00edcolas (OIRSA)<\/a><\/li>\n<li><a href=\"https:\/\/www.maga.gob.gt\/sitios\/visar\/wp-content\/uploads\/2025\/05\/mhacpmiel.pdf\" target=\"_blank\" rel=\"noopener noreferrer\">Manual de Prerequisitos y Gu\u00eda HACCP para el Procesamiento de la Miel de Abejas (OIRSA)<\/a><\/li>\n<\/ul>\n<p>[\/vc_column_text][vc_column_text]<strong>Formularios<\/strong><\/p>\n<ul>\n<li><a href=\"https:\/\/www.maga.gob.gt\/sitios\/visar\/wp-content\/uploads\/2025\/06\/F-LSF.docx\">Solicitud de Licencia Sanitaria de Funcionamiento para Centros de Acopio, Transformadoras, Almacenadoras y Exportadoras de Miel de Abeja\u00a0<\/a><\/li>\n<li><a href=\"https:\/\/www.maga.gob.gt\/sitios\/visar\/wp-content\/uploads\/2025\/06\/F-REGAPI.docx\">Formulario de Inscripci\u00f3n para Registro Guatemalteco Ap\u00edcola -REGAPI-<\/a><\/li>\n<\/ul>\n<p>[\/vc_column_text][\/vc_tta_section][\/vc_tta_accordion][vc_tta_accordion style=&#8221;flat&#8221; c_icon=&#8221;triangle&#8221; active_section=&#8221;&#8221; collapsible_all=&#8221;true&#8221;][vc_tta_section title=&#8221;Componente Huevo&#8221; tab_id=&#8221;1747347357612-da608d78-44dd&#8221;][vc_column_text]<\/p>\n<p align=\"justify\">El componente huevo de la Direcci\u00f3n de Inocuidad de los Alimentos del VISAR-MAGA, es el encargado de velar por la inocuidad de los huevos para consumo humano, en establecimientos donde se lleve a cabo la recepci\u00f3n, clasificaci\u00f3n, empaque, almacenamiento y transporte de huevos para consumo humano.<\/p>\n<p align=\"justify\">La direcci\u00f3n de Inocuidad emite la Licencia Sanitaria de Funcionamiento (LSF), a plantas encargadas de la manipulaci\u00f3n del huevo para consumo humano y otorga la Licencia Sanitaria de Transporte (LST) a los medios de transporte de huevos.<\/p>\n<p class=\"acc_title current\"><strong>Normativas Relacionadas<\/strong><\/p>\n<ul>\n<li><a title=\"\" href=\"https:\/\/apps.maga.gob.gt\/normativas\/Normativas\/Download\/458\" target=\"_blank\" rel=\"noopener noreferrer\">Acuerdo Gubernativo No. 969-99<\/a>: Reglamento para la Inocuidad de los Alimentos<\/li>\n<li><a title=\"\" href=\"https:\/\/apps.maga.gob.gt\/normativas\/Normativas\/Download\/221\" target=\"_blank\" rel=\"noopener noreferrer\">Acuerdo Ministerial No. 137-2007<\/a>: Tarifas por servicio que presta el Ministerio de Agricultura, Ganader\u00eda y Alimentaci\u00f3n<\/li>\n<li><a title=\"\" href=\"https:\/\/apps.maga.gob.gt\/normativas\/Normativas\/Download\/1129\" target=\"_blank\" rel=\"noopener\">Acuerdo Ministerial No. 263-2019:<\/a>\u00a0Establecer Disposiciones Higi\u00e9nico Sanitarias para el Otorgamiento de Licencias Sanitarias de Funcionamiento y de Licencias de Transporte de Huevo para Consumo Humano<\/li>\n<\/ul>\n<p>[\/vc_column_text][\/vc_tta_section][\/vc_tta_accordion][vc_tta_accordion style=&#8221;flat&#8221; c_icon=&#8221;triangle&#8221; active_section=&#8221;&#8221; collapsible_all=&#8221;true&#8221;][vc_tta_section title=&#8221;Componente Leche&#8221; tab_id=&#8221;1747347457126-41be9b39-1d85&#8243;][vc_column_text]La producci\u00f3n de leche cruda es un alimento que se obtiene de la gl\u00e1ndula mamaria de los rumiantes y es considerado uno de los alimentos esenciales dentro de la pir\u00e1mide alimentaria en los hogares de los guatemaltecos.<\/p>\n<p>Por esta raz\u00f3n La Direcci\u00f3n de Inocuidad se encarga de asegurar que la leche sea producida en condiciones higi\u00e9nicas que eviten cualquier tipo de contaminaci\u00f3n qu\u00edmica, f\u00edsica y biol\u00f3gica, satisfaciendo las expectativas de la industria alimentaria y de los consumidores.<\/p>\n<p>Todas las plantas, centros de acopio y unidades de producci\u00f3n que se aprueban en la Direcci\u00f3n de Inocuidad deben implementar las Buenas Pr\u00e1cticas de Manufactura y de Orde\u00f1o as\u00ed como tambi\u00e9n un correcto manejo del Almacenamiento y Transporte.<\/p>\n<p>La Direcci\u00f3n de Inocuidad de los Alimentos a trav\u00e9s del Departamento de Productos de Origen Animal e Hidrobiol\u00f3gico se apoya en el \u201cComponente Leche\u201d para asegurar la inocuidad de toda la leche producida a nivel nacional; Adem\u00e1s es la encargada de emitir la Licencia Sanitaria de Funcionamiento (LSF) a Salas de Orde\u00f1o, Centros de Acopio y Licencia Sanitaria de Transporte (LST).[\/vc_column_text][\/vc_tta_section][\/vc_tta_accordion][vc_tta_accordion style=&#8221;flat&#8221; c_icon=&#8221;triangle&#8221; active_section=&#8221;&#8221; collapsible_all=&#8221;true&#8221;][vc_tta_section title=&#8221;Establecimientos Autorizados&#8221; tab_id=&#8221;1747348353577-24479284-7170&#8243;][vc_column_text]<a href=\"https:\/\/www.maga.gob.gt\/sitios\/visar\/establecimientos-autorizados\/\">Establecimientos Autorizados\u00a0<\/a>[\/vc_column_text][\/vc_tta_section][\/vc_tta_accordion][vc_tta_accordion style=&#8221;flat&#8221; c_icon=&#8221;triangle&#8221; active_section=&#8221;&#8221; collapsible_all=&#8221;true&#8221;][vc_tta_section title=&#8221;Manuales&#8221; tab_id=&#8221;1747348091409-c743330f-0f23&#8243;][vc_column_text]<\/p>\n<ul>\n<li><a href=\"https:\/\/www.maga.gob.gt\/sitios\/visar\/wp-content\/uploads\/2025\/05\/ManBPA.pdf\">Buenas Pr\u00e1cticas Ap\u00edcolas -BPA-<\/a><\/li>\n<li><a href=\"https:\/\/www.maga.gob.gt\/sitios\/visar\/wp-content\/uploads\/2025\/05\/ManBMP.pdf\">Buenas Pr\u00e1cticas de Manufactura -BPM-<\/a><\/li>\n<li><a href=\"https:\/\/www.maga.gob.gt\/sitios\/visar\/wp-content\/uploads\/2025\/05\/mapicolabp.pdf\" target=\"_blank\" rel=\"noopener noreferrer\">Manual de Buenas Pr\u00e1cticas Ap\u00edcolas (OIRSA)<\/a><\/li>\n<li><a href=\"https:\/\/www.maga.gob.gt\/sitios\/visar\/wp-content\/uploads\/2025\/05\/mhacpmiel.pdf\" target=\"_blank\" rel=\"noopener noreferrer\">Manual de Prerequisitos y Gu\u00eda HACCP para el Procesamiento de la Miel de Abejas (OIRSA)<\/a><\/li>\n<\/ul>\n<p>[\/vc_column_text][\/vc_tta_section][\/vc_tta_accordion][vc_tta_accordion style=&#8221;flat&#8221; c_icon=&#8221;triangle&#8221; active_section=&#8221;&#8221; collapsible_all=&#8221;true&#8221;][vc_tta_section title=&#8221;Normativa&#8221; tab_id=&#8221;1747348211414-e5f6635f-a021&#8243;][vc_column_text]<\/p>\n<ul>\n<li><a title=\"\" href=\"http:\/\/portal2.maga.gob.gt\/unr_normativas\/pdfs\/969-99.pdf\" target=\"_blank\" rel=\"noopener noreferrer\">Acuerdo Gubernativo No. 969-99<\/a>: Reglamento para la Inocuidad de los Alimentos<\/li>\n<li><a title=\"\" href=\"http:\/\/portal2.maga.gob.gt\/unr_normativas\/pdfs\/137-2007.pdf\" target=\"_blank\" rel=\"noopener noreferrer\">Acuerdo Ministerial No. 137-2007<\/a>: Tarifas por servicio que presta el Ministerio de Agricultura, Ganader\u00eda y Alimentaci\u00f3n<\/li>\n<li><a title=\"\" href=\"https:\/\/sistemas.maga.gob.gt\/normativas\/Normativas\/Download\/1129\" target=\"_blank\" rel=\"noopener\">Acuerdo Ministerial No. 263-2019:<\/a>\u00a0Establecer Disposiciones Higi\u00e9nico Sanitarias para el Otorgamiento de Licencias Sanitarias de Funcionamiento y de Licencias de Transporte de Huevo para Consumo Humano<\/li>\n<li><a title=\"\" href=\"http:\/\/portal2.maga.gob.gt\/unr_normativas\/pdfs\/AM427-2005.pdf\" target=\"_blank\" rel=\"noopener noreferrer\">Acuerdo Ministerial No. 427-2005<\/a>: Normas para la Obtenci\u00f3n de Licencia Sanitaria de Funcionamiento de Salas de Orde\u00f1o, Centros de Acopio y Medios de Transporte de Leche Cruda<\/li>\n<li><a title=\"\" href=\"http:\/\/portal2.maga.gob.gt\/unr_normativas\/pdfs\/002.jpg\" target=\"_blank\" rel=\"noopener noreferrer\">Acuerdo Ministerial No. 214-2010<\/a>: Acu\u00e9rdase Reformar el Acuerdo Ministerial No. 427-2005 \u201cNormas para la Obtenci\u00f3n de Licencia Sanitaria de Funcionamiento de Salas de Orde\u00f1o, Centros de Acopio y Medios de Transporte de Leche Cruda\u201d<\/li>\n<\/ul>\n<p>[\/vc_column_text][\/vc_tta_section][\/vc_tta_accordion][\/vc_column][\/vc_row][vc_row][vc_column][\/vc_column][\/vc_row][vc_row][vc_column][\/vc_column][\/vc_row][vc_row][vc_column][\/vc_column][\/vc_row][vc_row][vc_column][\/vc_column][\/vc_row][vc_row][vc_column][vc_column_text]<\/p>\n<p>&nbsp;<\/p>\n<p>[\/vc_column_text][\/vc_column][\/vc_row][vc_row][vc_column][vc_empty_space][\/vc_column][\/vc_row][vc_row][vc_column][vc_empty_space][\/vc_column][\/vc_row]<\/p>\n","protected":false},"excerpt":{"rendered":"<p>[vc_row][vc_column][vc_empty_space][vc_custom_heading text=&#8221;Departamento de Productos de Origen Animal e Hidrobiol\u00f3gico&#8221; font_container=&#8221;tag:h2|text_align:center&#8221; google_fonts=&#8221;font_family:Abel%3Aregular|font_style:400%20regular%3A400%3Anormal&#8221;][vc_column_text] El Departamento es el responsable de velar por la inocuidad de los alimentos no procesados de origen animal e hidrobiol\u00f3gico, miel, leche y huevo para consumo humano. Controla la inocuidad de los alimentos que se consumen en el territorio nacional y los que son [&hellip;]<\/p>\n","protected":false},"author":2,"featured_media":0,"parent":0,"menu_order":0,"comment_status":"closed","ping_status":"closed","template":"","meta":{"footnotes":""},"class_list":["post-224","page","type-page","status-publish","hentry"],"_links":{"self":[{"href":"https:\/\/www.maga.gob.gt\/sitios\/visar\/wp-json\/wp\/v2\/pages\/224","targetHints":{"allow":["GET"]}}],"collection":[{"href":"https:\/\/www.maga.gob.gt\/sitios\/visar\/wp-json\/wp\/v2\/pages"}],"about":[{"href":"https:\/\/www.maga.gob.gt\/sitios\/visar\/wp-json\/wp\/v2\/types\/page"}],"author":[{"embeddable":true,"href":"https:\/\/www.maga.gob.gt\/sitios\/visar\/wp-json\/wp\/v2\/users\/2"}],"replies":[{"embeddable":true,"href":"https:\/\/www.maga.gob.gt\/sitios\/visar\/wp-json\/wp\/v2\/comments?post=224"}],"version-history":[{"count":17,"href":"https:\/\/www.maga.gob.gt\/sitios\/visar\/wp-json\/wp\/v2\/pages\/224\/revisions"}],"predecessor-version":[{"id":2454,"href":"https:\/\/www.maga.gob.gt\/sitios\/visar\/wp-json\/wp\/v2\/pages\/224\/revisions\/2454"}],"wp:attachment":[{"href":"https:\/\/www.maga.gob.gt\/sitios\/visar\/wp-json\/wp\/v2\/media?parent=224"}],"curies":[{"name":"wp","href":"https:\/\/api.w.org\/{rel}","templated":true}]}}