{"id":169,"date":"2024-04-23T19:39:49","date_gmt":"2024-04-23T17:39:49","guid":{"rendered":"https:\/\/www.maga.gob.gt\/sitios\/visar\/?page_id=169"},"modified":"2025-06-13T17:44:51","modified_gmt":"2025-06-13T15:44:51","slug":"departamento-de-registro-de-insumos-agricolas","status":"publish","type":"page","link":"https:\/\/www.maga.gob.gt\/sitios\/visar\/departamento-de-registro-de-insumos-agricolas\/","title":{"rendered":"Departamento de Registro de Insumos Agr\u00edcolas"},"content":{"rendered":"<p>[vc_row][vc_column][vc_empty_space][vc_column_text]<\/p>\n<h3 class=\"cat_article_title page_title\" style=\"text-align: center;\">Departamento de Registro de Insumos Agr\u00edcolas<\/h3>\n<p class=\"cat_article_title page_title\" style=\"text-align: left;\">El Departamento de Registro de Insumos Agr\u00edcolas es de suma importancia para el pa\u00eds por sus actividades principales de registro, regulaci\u00f3n, fabricaci\u00f3n, formulaci\u00f3n, importaci\u00f3n, comercializaci\u00f3n y control de insumos agr\u00edcolas a trav\u00e9s de los instrumentos jur\u00eddicos vigentes, as\u00ed como el registro de personas individuales o jur\u00eddicas, que comercializan estos insumos.<\/p>\n<p>[\/vc_column_text][vc_column_text]<\/p>\n<ul>\n<li><a href=\"https:\/\/www.maga.gob.gt\/sitios\/visar\/formularios\/\">Formularios Fertilizantes y Plaguicidas<\/a><\/li>\n<li><a href=\"https:\/\/www.fao.org\/fao-who-codexalimentarius\/codex-texts\/dbs\/pestres\/pesticides\/es\/\">L\u00edmites M\u00e1ximos de Residuos de Plaguicidas Establecidos en el Codex Alimentarius<\/a><\/li>\n<li><a href=\"https:\/\/www.maga.gob.gt\/sitios\/visar\/listado-de-requisitos\/\">Listado de\u00a0 Requisitos para el Registro de Insumos Agr\u00edcolas<\/a><\/li>\n<li><a href=\"https:\/\/www.maga.gob.gt\/sitios\/visar\/wp-content\/uploads\/2025\/06\/PLAGUICIDAS-PROH.pdf\">Listado de Agroqu\u00edmicos Prohibidos y Restringidos en Guatemala\u00a0<\/a><\/li>\n<\/ul>\n<p>[\/vc_column_text][\/vc_column][\/vc_row][vc_row][vc_column][vc_tta_accordion style=&#8221;flat&#8221; c_icon=&#8221;triangle&#8221; active_section=&#8221;&#8221; collapsible_all=&#8221;true&#8221;][vc_tta_section title=&#8221;Funciones&#8221; tab_id=&#8221;1729792962052-93b002bd-2959&#8243;][vc_column_text]<\/p>\n<ul>\n<li>\n<div>Coordinar y planificar las acciones del departamento de registro en el marco de las pol\u00edticas y estrategias del Ministerio de Agricultura, Ganader\u00eda y Alimentaci\u00f3n.<\/div>\n<\/li>\n<li>\n<div>Elaboraci\u00f3n de normativa relacionada con el registro y control de los insumos de uso agr\u00edcola y la aplicaci\u00f3n de la misma.<\/div>\n<\/li>\n<li>\n<div>Coordinar, planificar y supervisar actividades relacionadas con el registro, producci\u00f3n fabricaci\u00f3n, formulaci\u00f3n, importaci\u00f3n, exportaci\u00f3n, distribuci\u00f3n, almacenamiento y expendio de insumos para uso agr\u00edcola, as\u00ed como tambi\u00e9n de las entidades y personas que se dedican a estas actividades relacionadas.<\/div>\n<\/li>\n<li>\n<div>Coordinar Planificar y supervisar actividades relacionadas con el programa de auditor\u00eda y supervisi\u00f3n de insumos agr\u00edcolas.<\/div>\n<\/li>\n<li>\n<div>Representar al Ministerio de Agricultura Ganader\u00eda y Alimentaci\u00f3n, en materia del registro de insumos agr\u00edcolas a nivel nacional e internacional.<\/div>\n<\/li>\n<li>\n<div>Gestionar la cooperaci\u00f3n t\u00e9cnica con t\u00e9cnicas con entidades nacionales y extrajeras para la ejecuci\u00f3n de proyectos y programas de supervisi\u00f3n de insumos, que mejoren y mantengan la protecci\u00f3n del patrimonio agr\u00edcola del pa\u00eds.<\/div>\n<\/li>\n<li>\n<div>Vigilar el proceso correcto de la aplicaci\u00f3n de la normativa de registro y control de insumos agr\u00edcolas.<\/div>\n<\/li>\n<li>\n<div>Velar por el funcionamiento eficiente y eficaz de las bases de datos de registro e importaci\u00f3n de los insumos agr\u00edcolas.<\/div>\n<\/li>\n<li>\n<div>Propiciar la divulgaci\u00f3n de la normativa y los procedimientos en materia de registro y control de los insumos agr\u00edcolas.<\/div>\n<\/li>\n<li>\n<div>Mantener una adecuada relaci\u00f3n de intercambio t\u00e9cnico cient\u00edfico con organismos nacionales e internacionales, as\u00ed como la industria relacionada con los insumos agr\u00edcolas.<\/div>\n<\/li>\n<li>\n<div>Propiciar acciones de seguimiento y evaluaci\u00f3n de las actividades desarrolladas por el departamento, para la evaluaci\u00f3n objetiva del alcance de metas.<\/div>\n<\/li>\n<\/ul>\n<p>[\/vc_column_text][\/vc_tta_section][\/vc_tta_accordion][\/vc_column][\/vc_row][vc_row][vc_column][vc_tta_accordion style=&#8221;flat&#8221; c_icon=&#8221;triangle&#8221; active_section=&#8221;&#8221; collapsible_all=&#8221;true&#8221;][vc_tta_section title=&#8221;Servicios&#8221; tab_id=&#8221;1729793938004-b6bd35db-f671&#8243;][vc_column_text]<\/p>\n<ul>\n<li>\n<div>Verificaci\u00f3n de procesos de reformulaci\u00f3n de insumos agr\u00edcolas<\/div>\n<\/li>\n<li>\n<div>Elaboraci\u00f3n de endosos (autorizaci\u00f3n de uso) de plaguicidas y sustancias afines<\/div>\n<\/li>\n<li>\n<div>Registro experimental de insumos agr\u00edcolas<\/div>\n<\/li>\n<li>\n<div>Verificaci\u00f3n de procesos de re-etiquetado (verificaci\u00f3n en recintos fiscales)<\/div>\n<\/li>\n<li>\n<div>Registro de formuladoras de insumos agr\u00edcolas<\/div>\n<\/li>\n<li>\n<div>Registro de productoras de insumos agr\u00edcolas<\/div>\n<\/li>\n<li>\n<div>Registro de envasadoras de insumos agr\u00edcolas<\/div>\n<\/li>\n<li>\n<div>registro de empacadoras de insumos agr\u00edcolas<\/div>\n<\/li>\n<li>\n<div>Registro de expendios de insumos agr\u00edcolas<\/div>\n<\/li>\n<li>\n<div>Registro de importadoras de insumos agr\u00edcolas<\/div>\n<\/li>\n<li>\n<div>Registro de regentes<\/div>\n<\/li>\n<li>\n<div>Supervisi\u00f3n de establecimientos de insumos agr\u00edcolas previo al registro como empresa seg\u00fan su actividad de trabajo.<\/div>\n<\/li>\n<li>\n<div>Elaboraci\u00f3n de certificados de registro de personas individuales o jur\u00eddicas<\/div>\n<\/li>\n<li>\n<div>Emisi\u00f3n de constancias de regentes<\/div>\n<\/li>\n<li>\n<div>Registro de plaguicidas y sustancias afines<\/div>\n<\/li>\n<li>\n<div>Registro de insumos agr\u00edcolas con fines exportaci\u00f3n<\/div>\n<\/li>\n<li>\n<div>Registro de fertilizantes, enmiendas y sustancias afines a ellos<\/div>\n<\/li>\n<li>Elaboraci\u00f3n de endosos de fertilizantes, enmiendas y sustancias afines a ellos<\/li>\n<li>Cesiones de registro de insumos agr\u00edcolas<\/li>\n<li>Modificaciones y rectificaciones al registro de insumos agr\u00edcolas<\/li>\n<li>Emisi\u00f3n de permiso de importaci\u00f3n de plaguicidas y sustancias afines<\/li>\n<li>Emisi\u00f3n de licencia de importaci\u00f3n de fertilizantes, enmiendas y sustancias afines a ellos<\/li>\n<li>Elaboraci\u00f3n de certificados de registro de insumos agr\u00edcolas<\/li>\n<li>Supervisi\u00f3n de ensayos experimentales<\/li>\n<li>Aprobaci\u00f3n de los artes de etiquetas de insumos agr\u00edcolas<\/li>\n<li>Exhibici\u00f3n de expedientes de registro de insumos agr\u00edcolas<\/li>\n<li>Reproducci\u00f3n de copias simples \u00f3 certificadas de los expedientes de registro de insumos agr\u00edcolas<\/li>\n<li>Atenci\u00f3n al usuario<\/li>\n<li>Notas de desalmacenaje para productos que no son de uso agr\u00edcola<\/li>\n<li>Renovaciones de registro de insumos agr\u00edcolas<\/li>\n<li>Digitalizaci\u00f3n de registro de insumos agr\u00edcolas a la base de datos<\/li>\n<li>Modificaciones de permiso y licencia de importaci\u00f3n de insumos agr\u00edcolas<\/li>\n<\/ul>\n<p>[\/vc_column_text][\/vc_tta_section][\/vc_tta_accordion][\/vc_column][\/vc_row][vc_row][vc_column][vc_tta_accordion style=&#8221;flat&#8221; c_icon=&#8221;triangle&#8221; active_section=&#8221;&#8221; collapsible_all=&#8221;true&#8221;][vc_tta_section title=&#8221;Base Legal&#8221; tab_id=&#8221;1729794825479-4ebb7b6e-eb0d&#8221;][vc_column_text]<strong>Legislaci\u00f3n Nacional<\/strong><\/p>\n<ul>\n<li>Decreto No.\u00a0<a href=\"https:\/\/apps.maga.gob.gt\/Normativas\/Normativas\/Download\/502\">36-98<\/a>\u00a0Ley de Sanidad Vegetal y Animal<\/li>\n<li>Acuerdo Gubernativo No.\u00a0<a href=\"https:\/\/apps.maga.gob.gt\/Normativas\/Normativas\/Download\/454\">745-99<\/a>\u00a0Reglamento de la Ley de Sanidad Vegetal y Animal<\/li>\n<li>Decreto No.\u00a0<a href=\"https:\/\/apps.maga.gob.gt\/Normativas\/Normativas\/Download\/518\">5-2010<\/a>\u00a0Ley de Registro de Productos Agroqu\u00edmicos<\/li>\n<li>Acuerdo Gubernativo No.\u00a0<a href=\"https:\/\/apps.maga.gob.gt\/Normativas\/Normativas\/Download\/488\">343-2010<\/a>\u00a0Reglamento de la Ley de Registro de Productos Agroqu\u00edmicos<\/li>\n<li>Acuerdo Gubernativo No.\u00a0<a href=\"https:\/\/apps.maga.gob.gt\/Normativas\/Normativas\/Download\/490\">342-2010\u00a0<\/a>Reglamento para el Registro de Fertilizantes, Enmiendas y Sustancias Afines a Fertilizantes o a Enmiendas, ante el Ministerio de Agricultura, Ganader\u00eda y Alimentaci\u00f3n<\/li>\n<li>Acuerdo Gubernativo No.\u00a0<a href=\"https:\/\/apps.maga.gob.gt\/Normativas\/Normativas\/Download\/493\">87-2011\u00a0<\/a>Reglamento para el Registro, Renovaci\u00f3n, Endoso (Autorizaci\u00f3n de Uso)y Cesi\u00f3n de Sustancias Afines a Plaguicidas; Plaguicidas Microbianos; Plaguicidas Bioqu\u00edmicos; Artr\u00f3podos, Predadores, Par\u00e1sitos, Parasitoides; Los Requisitos para su Importaci\u00f3n, Exportaci\u00f3n y Retorno; As\u00ed como el Registro de Personas Individuales y Jur\u00eddicas Relacionadas a estos Insumos, ante el Ministerio de Agricultura, Ganader\u00eda y Alimentaci\u00f3n<\/li>\n<li>Acuerdo Ministerial No.\u00a0<a href=\"https:\/\/apps.maga.gob.gt\/Normativas\/Normativas\/Download\/201\">1085-2004<\/a>\u00a0Requisitos para el Registro de Regentes Profesionales ante el MAGA<\/li>\n<li>Acuerdo Ministerial No.\u00a011-2001\u00a0Establecer las Condiciones para el Registro de Personas Individuales o Jur\u00eddicas y Renovaci\u00f3n, Interesadas en Importar, Exportar, Fabricar, Producir, Transformar, Mezclar, Formular, Envasar, Reenvasar, Empacar, Reempacar, Almacenar y Comercializar Ingredientes Activos Grado T\u00e9cnico o Productos Agroqu\u00edmicos Formulados<\/li>\n<li>Acuerdo Ministerial No.\u00a0<a href=\"https:\/\/apps.maga.gob.gt\/Normativas\/Normativas\/Download\/315\">16-2012\u00a0<\/a>Se Crea el Registro para Establecimientos que Expenden Insumos para Uso Agr\u00edcola, se Establecen los Requisitos para el Otorgamiento de Certificados de Registro<\/li>\n<li>Acuerdo Ministerial No.\u00a0280-2018\u00a0Creaci\u00f3n de procedimiento para el otorgamiento de registro de un producto formulado con base a una carta de autorizaci\u00f3n y acceso del titular del registro de un Ingrediente Activo Grado T\u00e9cnico<\/li>\n<li>Acuerdo Gubernativo No. 255-2019<\/li>\n<li>Acuerdo Ministerial No.\u00a0<a href=\"https:\/\/apps.maga.gob.gt\/Normativas\/Normativas\/Download\/494\">11-2011\u00a0<\/a>Establecer condiciones para el registro de personas individuales o jur\u00eddicas y su renovaci\u00f3n, interesadas en importar, exportar, fabricar, producir, transformar, mezclar, formular, envasar, reenvasar, empacar, reempacar, almacenar y comercializar ingredientes activos grado t\u00e9cnico o productos agroqu\u00edmicos formulados.<\/li>\n<li>Acuerdo Gubernativo No.\u00a0255-2019\u00a0Reglamento para el Registro, Renovaci\u00f3n, Endoso (Autorizaci\u00f3n y Uso) y Cesi\u00f3n de Registro de Plaguicidas Inorg\u00e1nicos, los Requisitos para su Importaci\u00f3n, Exportaci\u00f3n y Retorno, as\u00ed como el Registro de Personas Individuales y Jur\u00eddicas Relacionadas a estos Insumos, ante el Ministerio de Agricultura, Ganader\u00eda y Alimentaci\u00f3n.<\/li>\n<li>Acuerdo Ministerial No.\u00a0<a href=\"https:\/\/apps.maga.gob.gt\/Normativas\/Normativas\/Download\/221\">137-2007<\/a>\u00a0Tarifas por Servicios que Presta el Ministerio de Agricultura, Ganader\u00eda y Alimentaci\u00f3n<\/li>\n<li>Acuerdo Gubernativo No.\u00a0255-2019\u00a0Reglamento para el Registro, Renovaci\u00f3n, Endoso (Autorizaci\u00f3n y Uso) y Cesi\u00f3n de Registro de Plaguicidas Inorg\u00e1nicos, los Requisitos para su Importaci\u00f3n, Exportaci\u00f3n y Retorno, as\u00ed como el Registro de Personas Individuales y Jur\u00eddicas Relacionadas a estos Insumos, ante el Ministerio de Agricultura, Ganader\u00eda y Alimentaci\u00f3n.<\/li>\n<li>Decreto No.\u00a0<a href=\"https:\/\/apps.maga.gob.gt\/Normativas\/Normativas\/Download\/518\">5-2010\u00a0<\/a>Ley de Registro de Productos Agroqu\u00edmicos<\/li>\n<li>Decreto No.\u00a0<a href=\"https:\/\/apps.maga.gob.gt\/Normativas\/Normativas\/Download\/505\">63-98<\/a>\u00a0Ley de Sanidad Vegetal y Animal<\/li>\n<li>Acuerdo Ministerial No.\u00a0<a href=\"https:\/\/visar.maga.gob.gt\/visar\/2021\/insum\/AM280-2018.pdf\">280-2018<\/a>\u00a0Creaci\u00f3n de procedimiento para el otorgamiento de registro de un producto formulado con base a una carta de autorizaci\u00f3n y acceso del titular del registro de un Ingrediente Activo Grado T\u00e9cnico<\/li>\n<li>Acuerdo Gubernativo No.\u00a0<a href=\"https:\/\/apps.maga.gob.gt\/Normativas\/Normativas\/Download\/493\">87-2011<\/a>\u00a0Reglamento para el Registro, Renovaci\u00f3n, Endoso (Autorizaci\u00f3n de Uso)y Cesi\u00f3n de Sustancias Afines a Plaguicidas; Plaguicidas Microbianos; Plaguicidas Bioqu\u00edmicos; Artr\u00f3podos, Predadores, Par\u00e1sitos, Parasitoides; Los Requisitos para su Importaci\u00f3n, Exportaci\u00f3n y Retorno; As\u00ed como el Registro de Personas Individuales y Jur\u00eddicas Relacionadas a estos Insumos, ante el Ministerio de Agricultura, Ganader\u00eda y Alimentaci\u00f3n<\/li>\n<li>Resoluci\u00f3n No.\u00a0<a href=\"https:\/\/visar.maga.gob.gt\/visar\/2021\/insum\/RTCA416-2019Fert.pdf\">416-2019<\/a>\u00a0Aprobar el Procedimiento de Registro de Fertilizantes y Enmiendas de Uso Agr\u00edcola<\/li>\n<\/ul>\n<p>[\/vc_column_text][vc_column_text]<strong>Reglamento T\u00e9cnico Centroam\u00e9ricano RTCA<\/strong><\/p>\n<ul>\n<li><a href=\"https:\/\/www.maga.gob.gt\/sitios\/visar\/wp-content\/uploads\/2024\/10\/RTCA65055415fert.pdf\">RTCA 65.05.54:15\u00a0<\/a>Fertilizantes y Enmiendas de Uso Agr\u00edcola. Requisitos para el Registro<\/li>\n<li><a href=\"https:\/\/www.maga.gob.gt\/sitios\/visar\/wp-content\/uploads\/2024\/10\/RTCA65056116rplag.pdf\">RTCA 65.05.61:16<\/a>Plaguicidas Microbiol\u00f3gicos de Uso Agr\u00edcola. Requisitos para el Registro<\/li>\n<li><a href=\"https:\/\/www.maga.gob.gt\/sitios\/visar\/wp-content\/uploads\/2024\/10\/RTCA65056211RPlagB.pdf\">RTCA 65.05.62.11<\/a>Plaguicidas Bot\u00e1nicos de Uso Agr\u00edcola. Requisitos para el Registro<\/li>\n<li><a href=\"https:\/\/www.maga.gob.gt\/sitios\/visar\/wp-content\/uploads\/2024\/10\/RTCA65056718etiquetp.pdf\">RTCA 65.05.67:18\u00a0<\/a>Insumos Agr\u00edcolas, Ingrediente Activo Grado T\u00e9cnico, Plaguicidas Qu\u00edmicos Formulados, Sustancias Afines, Coadyuvantes y Veh\u00edculos F\u00edsicos de Uso Agr\u00edcola. Requisitos para la Elaboraci\u00f3n de Etiquetas y Panfletos.<\/li>\n<\/ul>\n<p>[\/vc_column_text][vc_column_text]<strong>Listado de Requisitos para el Registro<\/strong><\/p>\n<ul>\n<li><a href=\"https:\/\/www.maga.gob.gt\/sitios\/visar\/listado-de-requisitos\/\">Listado de\u00a0 Requisitos para el Registro de Insumos Agr\u00edcolas<\/a><\/li>\n<\/ul>\n<p><strong>\u00a0<\/strong>[\/vc_column_text][\/vc_tta_section][\/vc_tta_accordion][\/vc_column][\/vc_row][vc_row][vc_column][vc_tta_accordion style=&#8221;flat&#8221; c_icon=&#8221;triangle&#8221; active_section=&#8221;&#8221; collapsible_all=&#8221;true&#8221;][vc_tta_section title=&#8221;Preguntas Frecuentes&#8221; tab_id=&#8221;1729794835576-d234837f-2653&#8243;][vc_column_text]<strong>Registro de Plaguicidas<\/strong><\/p>\n<ol>\n<li>Qu\u00e9 legislaci\u00f3n utilizo para registrar un plaguicida inorg\u00e1nico?\u00a0 \u00a0 \u00a0 \u00a0 \u00a0 \u00a0<strong>R\/\u00a0<\/strong>El Acuerdo Gubernativo 255-2019<\/li>\n<li>Cu\u00e1les son las formas para registrar un ingrediente activo grado t\u00e9cnico?<strong>\u00a0R\/<\/strong>Registro por equivalencia, Registro por data completa.<\/li>\n<li>Cu\u00e1l es el requisito para la obtenci\u00f3n del registro de producto formulado?\u00a0<strong>R\/\u00a0<\/strong>Previo a obtener el registro del producto formulado, el ingrediente activo grado t\u00e9cnico a utilizar en la formulaci\u00f3n debe estar registrado y vigente.<\/li>\n<li>Qu\u00e9 reglamento tipifica el registro de plaguicidas microbiol\u00f3gicos?\u00a0<strong>R\/<\/strong>El RTCA 65.05.61:16<\/li>\n<li>Qu\u00e9 reglamento tipifica el registro de plaguicidas bot\u00e1nicos?\u00a0 \u00a0 \u00a0 \u00a0 \u00a0 \u00a0 \u00a0 \u00a0\u00a0<strong>R\/\u00a0<\/strong>El RTCA 65.05.62.11<\/li>\n<li>Qu\u00e9 reglamento tipifica el registro de artr\u00f3podos, predadores, par\u00e1sito y parasitoides?\u00a0<strong>\u00a0R\/\u00a0<\/strong>El art\u00edculo 33 del Acuerdo Gubernativo 87-201<\/li>\n<\/ol>\n<p>[\/vc_column_text][vc_column_text]<strong>Registro de Empresas y Regentes<\/strong><\/p>\n<p>&nbsp;<\/p>\n<ol>\n<li>Cu\u00e1ntas empresas pueden estar asociadas a un regente?\u00a0 \u00a0 \u00a0 \u00a0 \u00a0 \u00a0 \u00a0 \u00a0 \u00a0 \u00a0 \u00a0 \u00a0\u00a0<strong>R\/\u00a0<\/strong>No existe l\u00edmite de empresas asociadas a un regente espec\u00edfico.<\/li>\n<li>Cu\u00e1les son los requisitos para registrar una empresa importadora?<\/li>\n<\/ol>\n<ul>\n<li>Formulario de solicitud ante el MAGA, con el nombre, firma y sello del propietario o representante legal, seg\u00fan corresponda, y del regente nombrado por el interesado, al cual debe adherirse e\u00a0inhabilitarse el timbre del ingeniero agr\u00f3nomo correspondiente.<\/li>\n<li><strong>Comerciante individual:<\/strong>\u00a0fotocopia legalizada del documento personal de identificaci\u00f3n \u00f3 c\u00e9dula de vecindad mientras \u00e9sta tenga vigencia \u00f3 validez, y de la patente de comercio de empresa.<\/li>\n<li><strong>Persona jur\u00eddica:<\/strong>\u00a0fotocopia legalizada de la patente de comercio de empresa y de sociedad, del nombramiento del representante legal debidamente inscrito.<\/li>\n<li>Nombramiento del ingeniero agr\u00f3nomo colegiado activo, como regente por parte del interesado.<\/li>\n<li>Para la actividad de almacenar se debe adjuntar fotocopia legalizada de la licencia sanitaria vigente, extendida por el Ministerio de Salud P\u00fablica y Asistencia Social.<\/li>\n<\/ul>\n<p>[\/vc_column_text][vc_column_text]<strong>Importaciones de Insumos y Agr\u00edcolas<\/strong><\/p>\n<p>&nbsp;<\/p>\n<ol>\n<li>Cu\u00e1les son los requisitos para importar Fertilizante?\u00a0<strong>R\/\u00a0<\/strong>\u00a0\u00a0 \u00a0 \u00a0 \u00a0 \u00a0 \u00a0 \u00a0 \u00a0 \u00a0 \u00a0 \u00a0 \u00a0 \u00a0 \u00a0 Solicitud de licencia de importaci\u00f3n firmada por Representante Legal y el Regente. Fotocopia del certificado de registro o certificaci\u00f3n de endoso vigente emitido por MAGA.\u00a0 Dos copias de la factura comercial. Pago del 4 por millar sobre el valor FOB declarado en la factura comercial. Pago de timbres del Ingeniero Agr\u00f3nomo.<\/li>\n<li>Cu\u00e1les son los requisitos importar un plaguicidas?\u00a0<strong>R\/<\/strong>\u00a0Solicitud de licencia de importaci\u00f3n firmada por el Representante Legal y el Regente. Fotocopia del certificado de registro o certificaci\u00f3n del endoso vigente emitido por MAGA. Dos copias de factura comercial. Pago del 4 por millar sobre el valor FOB declarado en la factura comercial. Pago de timbres del Ingeniero Agr\u00f3nomo. Recibo del pago del AGREQUIMA O GREMIAGRO (\u00fanicamente para plaguicidas qu\u00edmicos).<\/li>\n<li>Cu\u00e1nto se paga en el MAGA por el tr\u00e1mite de importaci\u00f3n de productos de insumos agr\u00edcolas?<strong>\u00a0R\/<\/strong>\u00a04 por millar del valor FOB declarado en la factura comercial<\/li>\n<li>Cu\u00e1nto dura el tr\u00e1mite para obtener un permiso de importaci\u00f3n de insumos agr\u00edcolas?\u00a0<strong>R\/<\/strong>\u00a03 d\u00edas<\/li>\n<li>D\u00f3nde puedo obtener las estad\u00edsticas de importaciones de insumos agr\u00edcolas?\u00a0<strong>R\/<\/strong>\u00a0Realizar una carta dirigida al Jefe del Departamento de Registro de Insumos Agr\u00edcolas y enviarla al correo\u00a0<a href=\"mailto:consultaimportaciones2020@gmail.com\">consultaimportaciones2020@gmail.com<\/a><\/li>\n<\/ol>\n<p>[\/vc_column_text][vc_column_text]<strong>Registro de Fertilizantes, Sustancias Afines a Fertilizantes y Enmiendas<\/strong><\/p>\n<p>&nbsp;<\/p>\n<ol>\n<li>Cu\u00e1l es la informaci\u00f3n m\u00ednima para el certificado de composici\u00f3n?\u00a0 \u00a0\u00a0<strong>R\/<\/strong>Fuente con su respectiva formula, % de formulaci\u00f3n, % de elementos nutrientes<\/li>\n<li>C\u00f3mo diferenciar una SAF de un fertilizante?\u00a0<strong>R\/<\/strong>\u00a0Conforme la composici\u00f3n del producto, si \u00e9l % de uno o m\u00e1s componentes que no sean nutrientes pero que ejercen alguna funci\u00f3n importante para la nutrici\u00f3n y desarrollo de la planta es mayor del 50% del total del producto se considera una SAF<\/li>\n<li>El certificado de composici\u00f3n debe ser igual que el de an\u00e1lisis?<strong>\u00a0R\/<\/strong>\u00a0No. Puede haber variaciones de hasta un 10% en los componentes de un determinado producto.<\/li>\n<li>Los certificados de clv deben estar apostillados?\u00a0<strong>R\/<\/strong>\u00a0S\u00ed. Siempre que el producto no sea nacional deber\u00e1 estar debidamente legalizado y apostillado del pa\u00eds de origen.<\/li>\n<li>El reconocimiento de Registro es para todos los productos?<strong>\u00a0R\/<\/strong>\u00a0No. \u00danicamente se aplica para aquellos productos formulados en Centroam\u00e9rica.<\/li>\n<li>Si el producto es l\u00edquido se debe totalizar el contenido del producto al 100%?\u00a0<strong>R\/<\/strong>\u00a0Se coloca CSP o \u00fanicamente se pueden dejar los componentes con sus respectivos porcentajes, dependiendo de la densidad del producto.<\/li>\n<li>Puedo colocar cuadros de dosis en las etiquetas de fertilizantes, enmiendas y sustancias afines a fertilizantes?\u00a0<strong>R\/<\/strong>\u00a0S\u00ed. Las etiquetas para fertilizantes pueden llevar dosis pero deben estar fundamentadas por medio de estudios de eficacia o declaraci\u00f3n jurada por parte del formulador del producto.Los estudios de eficacia var\u00edan seg\u00fan condiciones clim\u00e1ticas, ed\u00e1ficas y variedad de cultivos.<\/li>\n<\/ol>\n<p><strong>\u00a0<\/strong>[\/vc_column_text][\/vc_tta_section][\/vc_tta_accordion][\/vc_column][\/vc_row]<\/p>\n","protected":false},"excerpt":{"rendered":"<p>[vc_row][vc_column][vc_empty_space][vc_column_text] Departamento de Registro de Insumos Agr\u00edcolas El Departamento de Registro de Insumos Agr\u00edcolas es de suma importancia para el pa\u00eds por sus actividades principales de registro, regulaci\u00f3n, fabricaci\u00f3n, formulaci\u00f3n, importaci\u00f3n, comercializaci\u00f3n y control de insumos agr\u00edcolas a trav\u00e9s de los instrumentos jur\u00eddicos vigentes, as\u00ed como el registro de personas individuales o jur\u00eddicas, que comercializan [&hellip;]<\/p>\n","protected":false},"author":2,"featured_media":0,"parent":0,"menu_order":0,"comment_status":"closed","ping_status":"closed","template":"","meta":{"footnotes":""},"class_list":["post-169","page","type-page","status-publish","hentry"],"_links":{"self":[{"href":"https:\/\/www.maga.gob.gt\/sitios\/visar\/wp-json\/wp\/v2\/pages\/169","targetHints":{"allow":["GET"]}}],"collection":[{"href":"https:\/\/www.maga.gob.gt\/sitios\/visar\/wp-json\/wp\/v2\/pages"}],"about":[{"href":"https:\/\/www.maga.gob.gt\/sitios\/visar\/wp-json\/wp\/v2\/types\/page"}],"author":[{"embeddable":true,"href":"https:\/\/www.maga.gob.gt\/sitios\/visar\/wp-json\/wp\/v2\/users\/2"}],"replies":[{"embeddable":true,"href":"https:\/\/www.maga.gob.gt\/sitios\/visar\/wp-json\/wp\/v2\/comments?post=169"}],"version-history":[{"count":19,"href":"https:\/\/www.maga.gob.gt\/sitios\/visar\/wp-json\/wp\/v2\/pages\/169\/revisions"}],"predecessor-version":[{"id":2439,"href":"https:\/\/www.maga.gob.gt\/sitios\/visar\/wp-json\/wp\/v2\/pages\/169\/revisions\/2439"}],"wp:attachment":[{"href":"https:\/\/www.maga.gob.gt\/sitios\/visar\/wp-json\/wp\/v2\/media?parent=169"}],"curies":[{"name":"wp","href":"https:\/\/api.w.org\/{rel}","templated":true}]}}