{"id":14,"date":"2024-03-04T23:42:32","date_gmt":"2024-03-04T22:42:32","guid":{"rendered":"https:\/\/www.maga.gob.gt\/sitios\/visar\/?page_id=14"},"modified":"2025-01-23T18:26:03","modified_gmt":"2025-01-23T17:26:03","slug":"sanidad-animal","status":"publish","type":"page","link":"https:\/\/www.maga.gob.gt\/sitios\/visar\/sanidad-animal\/","title":{"rendered":"Sanidad Animal"},"content":{"rendered":"<p>[vc_row][vc_column][vc_empty_space][vc_custom_heading text=&#8221;Direcci\u00f3n de Sanidad Animal&#8221; font_container=&#8221;tag:h2|text_align:center&#8221; google_fonts=&#8221;font_family:Abel%3Aregular|font_style:400%20regular%3A400%3Anormal&#8221;][vc_column_text]<\/p>\n<p style=\"text-align: justify;\">Es la responsable de apoyar y facilitar la producci\u00f3n y el comercio pecuario, as\u00ed como proteger el medio ambiente, la salud humana y animal, mediante el desarrollo, divulgaci\u00f3n y aplicaci\u00f3n de normas legales y t\u00e9cnicas de protecci\u00f3n, vigilancia sanitaria y regulaciones del uso apropiado de materias primas e insumos utilizados en la producci\u00f3n animal.<\/p>\n<p>[\/vc_column_text][\/vc_column][\/vc_row][vc_row][vc_column][vc_custom_heading text=&#8221;Objetivos&#8221; font_container=&#8221;tag:h2|text_align:center&#8221; google_fonts=&#8221;font_family:Abel%3Aregular|font_style:400%20regular%3A400%3Anormal&#8221;][vc_column_text]<\/p>\n<ul>\n<li style=\"text-align: justify;\">Contribuir a la prestaci\u00f3n y desarrollo del patrimonio pecuario nacional, a trav\u00e9s de la implementaci\u00f3n de la vigilancia epidemiol\u00f3gica que permitan la prevenci\u00f3n, control y erradicaci\u00f3n de las enfermedades de los animales.<\/li>\n<li style=\"text-align: justify;\">Facilitar el comercio de animales, productos y subproductos, con la aplicaci\u00f3n de normas claras y estables, que sustente en ciencia y que permitan la protecci\u00f3n de la salud humana, animal y el ambiente.<\/li>\n<li style=\"text-align: justify;\">Regular el registro y comercio de alimentos e insumos para uso en animales, con el establecimiento de procedimientos y normas, que faciliten el intercambio comercial.<\/li>\n<\/ul>\n<p>[\/vc_column_text][vc_column_text]<a href=\"https:\/\/www.maga.gob.gt\/sitios\/visar\/formularios\/\" target=\"_blank\" rel=\"noopener noreferrer\">Formularios<\/a>[\/vc_column_text][vc_empty_space][vc_custom_heading text=&#8221;Departamentos&#8221; font_container=&#8221;tag:h2|text_align:center&#8221; google_fonts=&#8221;font_family:Abel%3Aregular|font_style:400%20regular%3A400%3Anormal&#8221;][vc_column_text]<a href=\"https:\/\/www.maga.gob.gt\/sitios\/visar\/departamento-de-vigilancia-epidemiologica-y-analisis-de-riesgo\/\" target=\"_blank\" rel=\"noopener noreferrer\">Departamento de vigilancia epidemiol\u00f3gica y an\u00e1lisis de riesgo de sanidad animal<\/a><\/p>\n<p><a href=\"https:\/\/www.maga.gob.gt\/sitios\/visar\/departamento-de-registro-de-insumos-para-uso-en-animales\/\" target=\"_blank\" rel=\"noopener noreferrer\">Departamento de registro de insumos para uso en animales<\/a><\/p>\n<p><a href=\"https:\/\/www.maga.gob.gt\/sitios\/visar\/departamento-de-proteccion-y-sanidad-pecuaria\/\" target=\"_blank\" rel=\"noopener noreferrer\">Departamento de protecci\u00f3n y sanidad pecuaria<\/a>[\/vc_column_text][vc_accordion active_tab=&#8221;0&#8243;][vc_accordion_tab title=&#8221;Atribuciones&#8221;][vc_column_text]<\/p>\n<ul>\n<li>Prevenir, controlar y erradicar las enfermedades de los animales.<\/li>\n<li>Proteger la salud animal.<\/li>\n<li>Programar campa\u00f1as de vacunaci\u00f3n en animales dom\u00e9sticos.<\/li>\n<li>Vigilar las enfermedades en los animales dom\u00e9sticos y salvajes.<\/li>\n<li>Apoyar la competitividad a trav\u00e9s de normas claras.<\/li>\n<li>Atender emergencias sanitarias en los animales.<\/li>\n<li>Elaborar planes de emergencia para controlar las enfermedades ex\u00f3ticas.<\/li>\n<li>Ejecutar las medidas sanitarias cumpliendo la normativa internacional.<\/li>\n<li>Procurar el bienestar animal.<\/li>\n<li>Promover la identificaci\u00f3n animal para la apertura de mercados.<\/li>\n<li>Autorizar la importaci\u00f3n de animales, productos y subproductos de origen animal.<\/li>\n<li>Capacitar a los productores en los aspectos generales de manejo y de sanidad animal.<\/li>\n<li>Vigilar las fronteras del pa\u00eds para evitar la introducci\u00f3n de enfermedades en los animales.<\/li>\n<li>Controlar en puertos y aeropuertos el ingreso de animales enfermos.<\/li>\n<li>Registrar los productos veterinarios que se utilizan en el pa\u00eds.<\/li>\n<li>Registrar los alimentos y productos afines utilizados en animales.<\/li>\n<li>Control de farmacias veterinarias y plantas fabricantes de alimentos para animales.<\/li>\n<li>Normas claras para comercializar productos veterinarios y alimentos.<\/li>\n<li>Control de importaciones y exportaciones de productos farmacol\u00f3gicos y alimenticios.<\/li>\n<li>Participar en las negociaciones comerciales protegiendo la sanidad animal.<\/li>\n<\/ul>\n<p>[\/vc_column_text][\/vc_accordion_tab][vc_accordion_tab title=&#8221;Resoluci\u00f3n No. 481-2023 COMIECO-EX&#8221;][vc_column_text]Resoluci\u00f3n No. <a href=\"https:\/\/www.comex.go.cr\/media\/10133\/res-comieco-481-2023-certific.pdf\">481-2023<\/a>:<\/p>\n<p>1). Aprobar a partir del 30 de enero de 2024, que la transmisi\u00f3n de los datos de los certificados sanitarios y fitosanitarios de exportaci\u00f3n armonizados entre los Estados Parte, se realice a trav\u00e9s de la Plataforma Digital de Comercio Centroamericana (PDCC) que administra la SIECA.<\/p>\n<p>2). Para implementar la transmisi\u00f3n electr\u00f3nica indicada en el numeral 1 de esta Resoluci\u00f3n:<\/p>\n<ul>\n<li>a. Los agentes econ\u00f3micos de los Estados Parte, deber\u00e1n gestionar la emis\u00f3n de los certificados sanitarios y fitosanitarios de exportaci\u00f3n, \u00fanicamente por los medios digitales habilitados por los Estados Parte para tal efecto.<\/li>\n<\/ul>\n<p>[\/vc_column_text][\/vc_accordion_tab][vc_accordion_tab title=&#8221;Normativa&#8221;][vc_column_text]<\/p>\n<ul>\n<li><a href=\"https:\/\/www.maga.gob.gt\/sitios\/visar\/wp-content\/uploads\/2025\/01\/AG745-99.pdf\">Acuerdo Gubernativo No. 745-99<\/a><\/li>\n<li><a href=\"https:\/\/www.maga.gob.gt\/sitios\/visar\/wp-content\/uploads\/2025\/01\/AG373-2005.pdf\">Acuerdo Gubernativo No. 373-2005<\/a><\/li>\n<li><a href=\"https:\/\/apps.maga.gob.gt\/Normativas\/Normativas\/Download\/502\">Decreto No. 36-98<\/a><\/li>\n<li><a href=\"https:\/\/apps.maga.gob.gt\/Normativas\/Normativas\/Download\/18\">Acuerdo Ministerial No. 1029-99<\/a><\/li>\n<li><a href=\"https:\/\/www.maga.gob.gt\/sitios\/visar\/wp-content\/uploads\/2025\/01\/AM1128-2001.pdf\">Acuerdo Ministerial No. 1128-2001<\/a><\/li>\n<li><a href=\"https:\/\/www.maga.gob.gt\/sitios\/visar\/wp-content\/uploads\/2025\/01\/AM1317-2002.pdf\">Acuerdo Ministerial No. 1317-2002<\/a><\/li>\n<li><a href=\"https:\/\/www.maga.gob.gt\/sitios\/visar\/wp-content\/uploads\/2025\/01\/AM1166-2003.pdf\">Acuerdo Ministerial No. 1166-2003<\/a><\/li>\n<li><a href=\"https:\/\/www.maga.gob.gt\/sitios\/visar\/wp-content\/uploads\/2025\/01\/AM1528-2003.pdf\">Acuerdo Ministerial No. 1528-2003<\/a><\/li>\n<li><a href=\"https:\/\/apps.maga.gob.gt\/Normativas\/Normativas\/Download\/747\">Acuerdo Ministerial No. 1213-2003<\/a><\/li>\n<li><a href=\"https:\/\/www.maga.gob.gt\/sitios\/visar\/wp-content\/uploads\/2025\/01\/AM2076-2004.pdf\">Acuerdo Ministerial No. 2076-2004<\/a><\/li>\n<li><a href=\"https:\/\/apps.maga.gob.gt\/Normativas\/Normativas\/Download\/141\">Acuerdo Ministerial No. 565-2004<\/a><\/li>\n<li><a href=\"https:\/\/apps.maga.gob.gt\/Normativas\/Normativas\/Download\/142\">Acuerdo Ministerial No. 625-2004<\/a><\/li>\n<li><a href=\"https:\/\/apps.maga.gob.gt\/Normativas\/Normativas\/Download\/210\">Acuerdo Ministerial No. 131-2005<\/a><\/li>\n<li><a href=\"https:\/\/apps.maga.gob.gt\/Normativas\/Normativas\/Download\/213\">Acuerdo Ministerial No. 495-2006<\/a><\/li>\n<li><a href=\"https:\/\/apps.maga.gob.gt\/Normativas\/Normativas\/Download\/229\">Acuerdo Ministerial No. 277-2007<\/a><\/li>\n<li><a href=\"https:\/\/apps.maga.gob.gt\/Normativas\/Normativas\/Download\/221\">Acuerdo Ministerial No. 137-2007<\/a><\/li>\n<li><a href=\"https:\/\/www.maga.gob.gt\/sitios\/visar\/wp-content\/uploads\/2025\/01\/AMmsp462-2007.pdf\">Acuerdo Ministerial No. 462-2007<\/a><\/li>\n<li><a href=\"https:\/\/www.maga.gob.gt\/sitios\/visar\/wp-content\/uploads\/2025\/01\/AM225-2008.pdf\">Acuerdo Ministerial No. 225-2008<\/a><\/li>\n<li><a href=\"https:\/\/apps.maga.gob.gt\/Normativas\/Normativas\/Download\/266\">Acuerdo Ministerial No. 456-2009<\/a><\/li>\n<li><a href=\"https:\/\/www.maga.gob.gt\/sitios\/visar\/wp-content\/uploads\/2025\/01\/AM220-2009.pdf\">Acuerdo Ministerial No. 220-2009<\/a><\/li>\n<li><a href=\"https:\/\/apps.maga.gob.gt\/Normativas\/Normativas\/Download\/487\">Acuerdo Gubernativo No. 338-2010<\/a><\/li>\n<li><a href=\"https:\/\/www.maga.gob.gt\/sitios\/visar\/wp-content\/uploads\/2025\/01\/A.M.-105-2012.pdf\">Acuerdo Ministerial No. 105-2012<\/a><\/li>\n<li><a href=\"https:\/\/www.maga.gob.gt\/sitios\/visar\/wp-content\/uploads\/2025\/01\/AM166-2012.pdf\">Acuerdo Ministerial No. 166-2012<\/a><\/li>\n<li><a href=\"https:\/\/www.maga.gob.gt\/sitios\/visar\/wp-content\/uploads\/2025\/01\/AM167-2012.pdf\">Acuerdo Ministerial No. 167-2012<\/a><\/li>\n<li><a href=\"https:\/\/www.maga.gob.gt\/sitios\/visar\/wp-content\/uploads\/2025\/01\/AM228-2013.pdf\">Acuerdo Ministerial No. 228-2013<\/a><\/li>\n<li><a href=\"https:\/\/www.maga.gob.gt\/sitios\/visar\/wp-content\/uploads\/2025\/01\/AM16-2014.pdf\">Acuerdo Ministerial No. 16-2014<\/a><\/li>\n<li><a href=\"https:\/\/www.maga.gob.gt\/sitios\/visar\/wp-content\/uploads\/2024\/11\/an2res257.pdf\">Acuerdo Ministerial No. 257-2014<\/a><\/li>\n<li><a href=\"https:\/\/apps.maga.gob.gt\/Normativas\/Normativas\/Download\/746\">Acuerdo Ministerial No. 457-2015<\/a><\/li>\n<li><a href=\"https:\/\/apps.maga.gob.gt\/Normativas\/Normativas\/Download\/748\">Acuerdo Ministerial No. 410-2015<\/a><\/li>\n<li><a href=\"https:\/\/apps.maga.gob.gt\/Normativas\/Normativas\/Download\/1069\">Acuerdo Ministerial No. 149-2016<\/a><\/li>\n<li><a href=\"https:\/\/apps.maga.gob.gt\/Normativas\/Normativas\/Download\/982\">Acuerdo Ministerial No. 215-2016<\/a><\/li>\n<li><a href=\"https:\/\/apps.maga.gob.gt\/Normativas\/Normativas\/Download\/962\">Acuerdo Ministerial No. 335-2017<\/a><\/li>\n<li><a href=\"https:\/\/apps.maga.gob.gt\/Normativas\/Normativas\/Download\/1068\">Acuerdo Ministerial No. 22-2017<\/a><\/li>\n<li><a href=\"https:\/\/apps.maga.gob.gt\/Normativas\/Normativas\/Download\/983\">Acuerdo Ministerial No. 18-2018<\/a><\/li>\n<li><a href=\"https:\/\/apps.maga.gob.gt\/Normativas\/Normativas\/Download\/984\">Acuerdo Ministerial No. 19-2018<\/a><\/li>\n<li><a href=\"https:\/\/apps.maga.gob.gt\/Normativas\/Normativas\/Download\/1028\">Acuerdo Ministerial No. 195-2019<\/a><\/li>\n<\/ul>\n<p>[\/vc_column_text][\/vc_accordion_tab][vc_accordion_tab title=&#8221;Normativa Relacionada con Insumos para Uso en Animales&#8221;][vc_column_text]<\/p>\n<ul>\n<li>\n<div align=\"justify\"><a href=\"https:\/\/visar.maga.gob.gt\/visar\/2016\/form\/insuan\/nv\/proc-regsant304-2013.pdf\" target=\"_blank\" rel=\"noopener noreferrer\">Procedimiento para el Reconocimiento de Registro Sanitario de Productos Utilizados en Alimentaci\u00f3n Animal<\/a><\/div>\n<\/li>\n<li><a href=\"https:\/\/visar.maga.gob.gt\/visar\/2016\/form\/insuan\/nv\/lbpmanuf.pdf\" target=\"_blank\" rel=\"noopener noreferrer\">RTCA 65.05.63:11 Lista de Verificaci\u00f3n de Buenas Pr\u00e1cticas de Manufactura de Productos Utilizados en Alimentaci\u00f3n Animal<\/a><\/li>\n<li><a href=\"https:\/\/visar.maga.gob.gt\/visar\/2016\/form\/insuan\/nv\/rtca5211produc.pdf\" target=\"_blank\" rel=\"noopener noreferrer\">RTCA 65.05.52:11 Productos Utilizados en Alimentaci\u00f3n Animal y Establecimientos \u201cRequisitos de Registro Sanitario y Control\u201d<\/a><\/li>\n<li><a href=\"https:\/\/visar.maga.gob.gt\/visar\/2016\/form\/insuan\/nv\/rtca6311prod.pdf\" target=\"_blank\" rel=\"noopener noreferrer\">RTCA 65.05.63:11 Productos Utilizados en Alimentaci\u00f3n Animal \u201cBuenas\u00a0 Pr\u00e1cticas de Manufactura\u201d<\/a><\/li>\n<li><a href=\"https:\/\/visar.maga.gob.gt\/visar\/2017\/sa\/RTCA%20650551-08rip2017.pdf\" target=\"_blank\" rel=\"noopener noreferrer\">RTCA 65.05.51:08 Medicamentos Veterinarios y Productos Afines.\u00a0Requisitos de Registro Sanitario y Control + Acuerdos Conexos y Otros<\/a><\/li>\n<li><a href=\"https:\/\/visar.maga.gob.gt\/visar\/2016\/form\/insuan\/nv\/anexo6.pdf\" target=\"_blank\" rel=\"noopener noreferrer\">Anexo 6 \u201cNorma de Buenas Pr\u00e1cticas de Manufactura de Medicamentos Veterinarios<\/a>\u201c<\/li>\n<li><a href=\"https:\/\/visar.maga.gob.gt\/visar\/2016\/form\/insuan\/nv\/an2res257.pdf\" target=\"_blank\" rel=\"noopener noreferrer\">Anexo 2 (Res. 257-2010) Acuerdos Conexos al RTCA 65.05.51:08 Medicamentos Veterinarios y Productos Afines. Requisitos de Registro Sanitario y Control, a ser Incluidos en una Resoluci\u00f3n COMIECO<\/a><\/li>\n<li><a href=\"https:\/\/visar.maga.gob.gt\/visar\/2016\/form\/insuan\/nv\/am390-2006.pdf\" target=\"_blank\" rel=\"noopener noreferrer\">Acuerdo Ministerial No. 390-2006: Requisitos para el Registro de Personas Individuales y Jur\u00eddicas Interesadas en Realizar Actividades Vinculadas con Insumos para Uso en Animales\u00a0 y para el Registro, Renovaci\u00f3n, Importaci\u00f3n, Exportaci\u00f3n y Retorno de Insumos para Uso en Animales<\/a><\/li>\n<li><a href=\"https:\/\/visar.maga.gob.gt\/visar\/2016\/form\/insuan\/nv\/sust-prohib.pdf\" target=\"_blank\" rel=\"noopener noreferrer\">Sustancias de Uso Veterinario Prohibidas y Restringidas (Todas las Especies)<\/a><\/li>\n<li><a href=\"https:\/\/visar.maga.gob.gt\/visar\/2016\/form\/insuan\/nv\/am10852004.pdf\" target=\"_blank\" rel=\"noopener noreferrer\">Acuerdo Ministerial No. 1085-2004: Requisitos para el Registro de Regentes Profesionales ante el Ministerio de Agricultura, Ganader\u00eda y Alimentaci\u00f3n<\/a><\/li>\n<\/ul>\n<p>[\/vc_column_text][\/vc_accordion_tab][\/vc_accordion][\/vc_column][\/vc_row][vc_row][vc_column][\/vc_column][\/vc_row][vc_row][vc_column][vc_separator][vc_empty_space][vc_custom_heading text=&#8221;Procesos de Admisibilidad de Pa\u00eds&#8221; font_container=&#8221;tag:h2|text_align:center&#8221; google_fonts=&#8221;font_family:Abel%3Aregular|font_style:400%20regular%3A400%3Anormal&#8221;][vc_column_text]<\/p>\n<ul>\n<li><a href=\"https:\/\/www.maga.gob.gt\/sitios\/visar\/wp-content\/uploads\/2025\/01\/cuestadminpais.pdf\">Cuestionario de Admisibilidad <\/a><\/li>\n<\/ul>\n<p>[\/vc_column_text][\/vc_column][\/vc_row][vc_row][vc_column][\/vc_column][\/vc_row]<\/p>\n","protected":false},"excerpt":{"rendered":"<p>[vc_row][vc_column][vc_empty_space][vc_custom_heading text=&#8221;Direcci\u00f3n de Sanidad Animal&#8221; font_container=&#8221;tag:h2|text_align:center&#8221; google_fonts=&#8221;font_family:Abel%3Aregular|font_style:400%20regular%3A400%3Anormal&#8221;][vc_column_text] Es la responsable de apoyar y facilitar la producci\u00f3n y el comercio pecuario, as\u00ed como proteger el medio ambiente, la salud humana y animal, mediante el desarrollo, divulgaci\u00f3n y aplicaci\u00f3n de normas legales y t\u00e9cnicas de protecci\u00f3n, vigilancia sanitaria y regulaciones del uso apropiado de materias primas e [&hellip;]<\/p>\n","protected":false},"author":2,"featured_media":0,"parent":0,"menu_order":0,"comment_status":"closed","ping_status":"closed","template":"","meta":{"footnotes":""},"class_list":["post-14","page","type-page","status-publish","hentry"],"_links":{"self":[{"href":"https:\/\/www.maga.gob.gt\/sitios\/visar\/wp-json\/wp\/v2\/pages\/14","targetHints":{"allow":["GET"]}}],"collection":[{"href":"https:\/\/www.maga.gob.gt\/sitios\/visar\/wp-json\/wp\/v2\/pages"}],"about":[{"href":"https:\/\/www.maga.gob.gt\/sitios\/visar\/wp-json\/wp\/v2\/types\/page"}],"author":[{"embeddable":true,"href":"https:\/\/www.maga.gob.gt\/sitios\/visar\/wp-json\/wp\/v2\/users\/2"}],"replies":[{"embeddable":true,"href":"https:\/\/www.maga.gob.gt\/sitios\/visar\/wp-json\/wp\/v2\/comments?post=14"}],"version-history":[{"count":23,"href":"https:\/\/www.maga.gob.gt\/sitios\/visar\/wp-json\/wp\/v2\/pages\/14\/revisions"}],"predecessor-version":[{"id":934,"href":"https:\/\/www.maga.gob.gt\/sitios\/visar\/wp-json\/wp\/v2\/pages\/14\/revisions\/934"}],"wp:attachment":[{"href":"https:\/\/www.maga.gob.gt\/sitios\/visar\/wp-json\/wp\/v2\/media?parent=14"}],"curies":[{"name":"wp","href":"https:\/\/api.w.org\/{rel}","templated":true}]}}