{"id":473,"date":"2023-06-29T21:16:08","date_gmt":"2023-06-29T21:16:08","guid":{"rendered":"https:\/\/www.maga.gob.gt\/sitios\/uip\/?page_id=473"},"modified":"2023-09-06T21:35:06","modified_gmt":"2023-09-06T21:35:06","slug":"beneficiarios-programas-maga","status":"publish","type":"page","link":"https:\/\/www.maga.gob.gt\/sitios\/uip\/beneficiarios-programas-maga\/","title":{"rendered":"Beneficiarios Programas MAGA"},"content":{"rendered":"\t\t<div data-elementor-type=\"wp-page\" data-elementor-id=\"473\" class=\"elementor elementor-473\">\n\t\t\t\t\t\t<section class=\"elementor-section elementor-top-section elementor-element elementor-element-5bf361f elementor-section-boxed elementor-section-height-default elementor-section-height-default wpr-particle-no wpr-jarallax-no wpr-parallax-no wpr-sticky-section-no\" data-id=\"5bf361f\" data-element_type=\"section\">\n\t\t\t\t\t\t<div class=\"elementor-container elementor-column-gap-default\">\n\t\t\t\t\t<div class=\"elementor-column elementor-col-100 elementor-top-column elementor-element elementor-element-0e80ca8\" data-id=\"0e80ca8\" data-element_type=\"column\">\n\t\t\t<div class=\"elementor-widget-wrap elementor-element-populated\">\n\t\t\t\t\t\t<div class=\"elementor-element elementor-element-13f5776 elementor-widget elementor-widget-text-editor\" data-id=\"13f5776\" data-element_type=\"widget\" data-widget_type=\"text-editor.default\">\n\t\t\t\t<div class=\"elementor-widget-container\">\n\t\t\t\t\t\t\t\t\t<p><a href=\"https:\/\/www.maga.gob.gt\/sitios\/uip\/\">Inicio <\/a>\/ Beneficiarios programas MAGA<\/p>\t\t\t\t\t\t\t\t<\/div>\n\t\t\t\t<\/div>\n\t\t\t\t\t<\/div>\n\t\t<\/div>\n\t\t\t\t\t<\/div>\n\t\t<\/section>\n\t\t\t\t<section class=\"elementor-section elementor-top-section elementor-element elementor-element-2b26f8c elementor-section-boxed elementor-section-height-default elementor-section-height-default wpr-particle-no wpr-jarallax-no wpr-parallax-no wpr-sticky-section-no\" data-id=\"2b26f8c\" data-element_type=\"section\">\n\t\t\t\t\t\t<div class=\"elementor-container elementor-column-gap-default\">\n\t\t\t\t\t<div class=\"elementor-column elementor-col-100 elementor-top-column elementor-element elementor-element-44a68ae\" data-id=\"44a68ae\" data-element_type=\"column\">\n\t\t\t<div class=\"elementor-widget-wrap elementor-element-populated\">\n\t\t\t\t\t\t<div class=\"elementor-element elementor-element-13b9788 elementor-widget elementor-widget-heading\" data-id=\"13b9788\" data-element_type=\"widget\" data-widget_type=\"heading.default\">\n\t\t\t\t<div class=\"elementor-widget-container\">\n\t\t\t\t\t<h1 class=\"elementor-heading-title elementor-size-default\">Beneficiarios programas MAGA<\/h1>\t\t\t\t<\/div>\n\t\t\t\t<\/div>\n\t\t\t\t\t<\/div>\n\t\t<\/div>\n\t\t\t\t\t<\/div>\n\t\t<\/section>\n\t\t\t\t<section class=\"elementor-section elementor-top-section elementor-element elementor-element-75e4af6 elementor-section-boxed elementor-section-height-default elementor-section-height-default wpr-particle-no wpr-jarallax-no wpr-parallax-no wpr-sticky-section-no\" data-id=\"75e4af6\" data-element_type=\"section\">\n\t\t\t\t\t\t<div class=\"elementor-container elementor-column-gap-default\">\n\t\t\t\t\t<div class=\"elementor-column elementor-col-100 elementor-top-column elementor-element elementor-element-44b8f47\" data-id=\"44b8f47\" data-element_type=\"column\">\n\t\t\t<div class=\"elementor-widget-wrap elementor-element-populated\">\n\t\t\t\t\t\t<div class=\"elementor-element elementor-element-9fc3b12 elementor-widget-divider--view-line elementor-widget elementor-widget-divider\" data-id=\"9fc3b12\" data-element_type=\"widget\" data-widget_type=\"divider.default\">\n\t\t\t\t<div class=\"elementor-widget-container\">\n\t\t\t\t\t\t\t<div class=\"elementor-divider\">\n\t\t\t<span class=\"elementor-divider-separator\">\n\t\t\t\t\t\t<\/span>\n\t\t<\/div>\n\t\t\t\t\t\t<\/div>\n\t\t\t\t<\/div>\n\t\t\t\t\t<\/div>\n\t\t<\/div>\n\t\t\t\t\t<\/div>\n\t\t<\/section>\n\t\t\t\t<section class=\"elementor-section elementor-top-section elementor-element elementor-element-dbfd94f elementor-section-boxed elementor-section-height-default elementor-section-height-default wpr-particle-no wpr-jarallax-no wpr-parallax-no wpr-sticky-section-no\" data-id=\"dbfd94f\" data-element_type=\"section\">\n\t\t\t\t\t\t<div class=\"elementor-container elementor-column-gap-default\">\n\t\t\t\t\t<div class=\"elementor-column elementor-col-100 elementor-top-column elementor-element elementor-element-a57c85c\" data-id=\"a57c85c\" data-element_type=\"column\">\n\t\t\t<div class=\"elementor-widget-wrap elementor-element-populated\">\n\t\t\t\t\t\t<div class=\"elementor-element elementor-element-4a15a68 elementor-widget elementor-widget-bdt-accordion\" data-id=\"4a15a68\" data-element_type=\"widget\" data-widget_type=\"bdt-accordion.default\">\n\t\t\t\t<div class=\"elementor-widget-container\">\n\t\t\t\t\t        <div class=\"bdt-ep-accordion-container\">\r\n            <div id=\"bdt-ep-accordion-4a15a68\" class=\"bdt-ep-accordion bdt-accordion\" data-bdt-accordion=\"{&quot;collapsible&quot;:true,&quot;multiple&quot;:false,&quot;transition&quot;:&quot;ease-in-out&quot;}\" data-settings=\"{&quot;id&quot;:&quot;bdt-ep-accordion-4a15a68&quot;,&quot;activeHash&quot;:&quot;no&quot;,&quot;activeScrollspy&quot;:null,&quot;hashTopOffset&quot;:false,&quot;hashScrollspyTime&quot;:false}\">\r\n                                    <div class=\"bdt-ep-accordion-item\">\r\n                        <div class=\"bdt-ep-accordion-title bdt-accordion-title bdt-flex bdt-flex-middle bdt-flex-between\" id=\"bdt-ep-accordion-subvencin-alimentos-hambre-estacional-2019\" data-accordion-index=\"0\" data-title=\"subvenci-n-alimentos-hambre-estacional-2019\" role=\"heading\">\r\n\r\n                                                            <span class=\"bdt-ep-accordion-icon bdt-flex-align-right\" aria-hidden=\"true\">\r\n\r\n                                                                            <span class=\"bdt-ep-accordion-icon-closed\">\r\n                                            <i aria-hidden=\"true\" class=\"fa-fw fas fa-plus\"><\/i>                                        <\/span>\r\n                                    \r\n                                                                            <span class=\"bdt-ep-accordion-icon-opened\">\r\n                                            <i aria-hidden=\"true\" class=\"fa-fw fas fa-minus\"><\/i>                                        <\/span>\r\n                                    \r\n                                <\/span>\r\n                            \r\n                            <span class=\"bdt-ep-title-text bdt-flex bdt-flex-middle\">\r\n\r\n                                                                Subvenci\u00f3n alimentos hambre estacional 2019                            <\/span>\r\n\r\n                        <\/div>\r\n                        <div class=\"bdt-ep-accordion-content bdt-accordion-content\">\r\n                            <ul><li><a href=\"https:\/\/www.maga.gob.gt\/download\/mh-estacional19.pdf\" data-url=\"https:\/\/www.maga.gob.gt\/download\/mh-estacional19.pdf\">Manual para la Ejecuci\u00f3n de la Subvenci\u00f3n para la Adquisici\u00f3n de Alimentos por el Hambre Estacional 2019<\/a><\/li><li><a href=\"https:\/\/www.maga.gob.gt\/download\/sub-alimentos-he19.xlsx\" data-url=\"https:\/\/www.maga.gob.gt\/download\/sub-alimentos-he19.xlsx\">Beneficiarios Subvenci\u00f3n para la adquisici\u00f3n de alimentos por Hambre estacional 2019<\/a><\/li><\/ul>                        <\/div>\r\n                    <\/div>\r\n                                    <div class=\"bdt-ep-accordion-item\">\r\n                        <div class=\"bdt-ep-accordion-title bdt-accordion-title bdt-flex bdt-flex-middle bdt-flex-between\" id=\"bdt-ep-accordion-subvencin-riego-2018\" data-accordion-index=\"1\" data-title=\"subvenci-n-riego-2018\" role=\"heading\">\r\n\r\n                                                            <span class=\"bdt-ep-accordion-icon bdt-flex-align-right\" aria-hidden=\"true\">\r\n\r\n                                                                            <span class=\"bdt-ep-accordion-icon-closed\">\r\n                                            <i aria-hidden=\"true\" class=\"fa-fw fas fa-plus\"><\/i>                                        <\/span>\r\n                                    \r\n                                                                            <span class=\"bdt-ep-accordion-icon-opened\">\r\n                                            <i aria-hidden=\"true\" class=\"fa-fw fas fa-minus\"><\/i>                                        <\/span>\r\n                                    \r\n                                <\/span>\r\n                            \r\n                            <span class=\"bdt-ep-title-text bdt-flex bdt-flex-middle\">\r\n\r\n                                                                Subvenci\u00f3n Riego 2018                            <\/span>\r\n\r\n                        <\/div>\r\n                        <div class=\"bdt-ep-accordion-content bdt-accordion-content\">\r\n                            <p><a href=\"https:\/\/www.maga.gob.gt\/download\/sub-riego18.pdf\" data-url=\"https:\/\/www.maga.gob.gt\/download\/sub-riego18.pdf\">Subvenci\u00f3n Riego 2018<\/a><\/p>                        <\/div>\r\n                    <\/div>\r\n                                    <div class=\"bdt-ep-accordion-item\">\r\n                        <div class=\"bdt-ep-accordion-title bdt-accordion-title bdt-flex bdt-flex-middle bdt-flex-between\" id=\"bdt-ep-accordion-subvencin-alimentos-cancula-prolongada-2018-2-cupones-por-beneficiario\" data-accordion-index=\"2\" data-title=\"subvenci-n-alimentos-can-cula-prolongada-2018-2-cupones-por-beneficiario\" role=\"heading\">\r\n\r\n                                                            <span class=\"bdt-ep-accordion-icon bdt-flex-align-right\" aria-hidden=\"true\">\r\n\r\n                                                                            <span class=\"bdt-ep-accordion-icon-closed\">\r\n                                            <i aria-hidden=\"true\" class=\"fa-fw fas fa-plus\"><\/i>                                        <\/span>\r\n                                    \r\n                                                                            <span class=\"bdt-ep-accordion-icon-opened\">\r\n                                            <i aria-hidden=\"true\" class=\"fa-fw fas fa-minus\"><\/i>                                        <\/span>\r\n                                    \r\n                                <\/span>\r\n                            \r\n                            <span class=\"bdt-ep-title-text bdt-flex bdt-flex-middle\">\r\n\r\n                                                                Subvenci\u00f3n alimentos can\u00edcula prolongada 2018 \u2013 (2 cupones por beneficiario)                            <\/span>\r\n\r\n                        <\/div>\r\n                        <div class=\"bdt-ep-accordion-content bdt-accordion-content\">\r\n                            <p><a href=\"https:\/\/www.maga.gob.gt\/wp-content\/uploads\/2019\/02\/lista-sa18.pdf\">Primer cronograma de cupones.<\/a><br \/><a href=\"https:\/\/www.maga.gob.gt\/wp-content\/uploads\/2019\/02\/segundo-cronograma.xlsx\">Segundo cronograma de cupones.<\/a><\/p><p><a href=\"https:\/\/www.maga.gob.gt\/download\/subvencion-alimentos-cp18.xlsx\" data-url=\"https:\/\/www.maga.gob.gt\/download\/subvencion-alimentos-cp18.xlsx\">Beneficiarios de Subvenci\u00f3n de Alimentos 2018<\/a><\/p>                        <\/div>\r\n                    <\/div>\r\n                                    <div class=\"bdt-ep-accordion-item\">\r\n                        <div class=\"bdt-ep-accordion-title bdt-accordion-title bdt-flex bdt-flex-middle bdt-flex-between\" id=\"bdt-ep-accordion-subvencin-insumos-agropecuarios-2018\" data-accordion-index=\"3\" data-title=\"subvenci-n-insumos-agropecuarios-2018\" role=\"heading\">\r\n\r\n                                                            <span class=\"bdt-ep-accordion-icon bdt-flex-align-right\" aria-hidden=\"true\">\r\n\r\n                                                                            <span class=\"bdt-ep-accordion-icon-closed\">\r\n                                            <i aria-hidden=\"true\" class=\"fa-fw fas fa-plus\"><\/i>                                        <\/span>\r\n                                    \r\n                                                                            <span class=\"bdt-ep-accordion-icon-opened\">\r\n                                            <i aria-hidden=\"true\" class=\"fa-fw fas fa-minus\"><\/i>                                        <\/span>\r\n                                    \r\n                                <\/span>\r\n                            \r\n                            <span class=\"bdt-ep-title-text bdt-flex bdt-flex-middle\">\r\n\r\n                                                                Subvenci\u00f3n insumos agropecuarios 2018                            <\/span>\r\n\r\n                        <\/div>\r\n                        <div class=\"bdt-ep-accordion-content bdt-accordion-content\">\r\n                            <p><a href=\"https:\/\/www.maga.gob.gt\/download\/sub-insuagro18.pdf\" data-url=\"https:\/\/www.maga.gob.gt\/download\/sub-insuagro18.pdf\">Subvenci\u00f3n insumos agropecuarios 2018<\/a><\/p>                        <\/div>\r\n                    <\/div>\r\n                                    <div class=\"bdt-ep-accordion-item\">\r\n                        <div class=\"bdt-ep-accordion-title bdt-accordion-title bdt-flex bdt-flex-middle bdt-flex-between\" id=\"bdt-ep-accordion-subvencin-insumos-agropecuarios-2017\" data-accordion-index=\"4\" data-title=\"subvenci-n-insumos-agropecuarios-2017\" role=\"heading\">\r\n\r\n                                                            <span class=\"bdt-ep-accordion-icon bdt-flex-align-right\" aria-hidden=\"true\">\r\n\r\n                                                                            <span class=\"bdt-ep-accordion-icon-closed\">\r\n                                            <i aria-hidden=\"true\" class=\"fa-fw fas fa-plus\"><\/i>                                        <\/span>\r\n                                    \r\n                                                                            <span class=\"bdt-ep-accordion-icon-opened\">\r\n                                            <i aria-hidden=\"true\" class=\"fa-fw fas fa-minus\"><\/i>                                        <\/span>\r\n                                    \r\n                                <\/span>\r\n                            \r\n                            <span class=\"bdt-ep-title-text bdt-flex bdt-flex-middle\">\r\n\r\n                                                                Subvenci\u00f3n insumos agropecuarios 2017                            <\/span>\r\n\r\n                        <\/div>\r\n                        <div class=\"bdt-ep-accordion-content bdt-accordion-content\">\r\n                            <p>Listado convalidado con el Registro Nacional de las Personas -RENAP-.<\/p><p><a href=\"http:\/\/sistemas.maga.gob.gt\/files\/webmaga?file=censo\/Listado_convalidados_p1.pdf\">Parte 1<\/a><br \/><a href=\"http:\/\/sistemas.maga.gob.gt\/files\/webmaga?file=censo\/Listado_convalidados_p2.pdf\">Parte 2<\/a><br \/><a href=\"http:\/\/sistemas.maga.gob.gt\/files\/webmaga?file=censo\/Listado_convalidados_p3.pdf\">Parte 3<\/a><br \/><a href=\"http:\/\/sistemas.maga.gob.gt\/files\/webmaga?file=censo\/Listado_convalidados_p4.pdf\">Parte 4<\/a><\/p><p><a href=\"http:\/\/sistemas.maga.gob.gt\/files\/webmaga?file=pdf\/subvencion2017.pdf\">Listado de Beneficiarios subvenci\u00f3n 2,017.<\/a><\/p><p><strong>Cronograma de Entrega Subvenci\u00f3n.<\/strong><\/p><ul><li><a href=\"https:\/\/www.maga.gob.gt\/download\/cronograma-entrega18.pdf\" data-url=\"https:\/\/www.maga.gob.gt\/download\/cronograma-entrega18.pdf\">Cronograma de entrega del 6 al 11 de febrero.<\/a><\/li><li><a href=\"https:\/\/www.maga.gob.gt\/download\/cronograma2(2).pdf\" data-url=\"https:\/\/www.maga.gob.gt\/download\/cronograma2(2).pdf\">Cronograma de entrega del 12 al 18 de febrero.<\/a><\/li><\/ul>                        <\/div>\r\n                    <\/div>\r\n                                    <div class=\"bdt-ep-accordion-item\">\r\n                        <div class=\"bdt-ep-accordion-title bdt-accordion-title bdt-flex bdt-flex-middle bdt-flex-between\" id=\"bdt-ep-accordion-subvencin-insumos-agropecuarios-2016\" data-accordion-index=\"5\" data-title=\"subvenci-n-insumos-agropecuarios-2016\" role=\"heading\">\r\n\r\n                                                            <span class=\"bdt-ep-accordion-icon bdt-flex-align-right\" aria-hidden=\"true\">\r\n\r\n                                                                            <span class=\"bdt-ep-accordion-icon-closed\">\r\n                                            <i aria-hidden=\"true\" class=\"fa-fw fas fa-plus\"><\/i>                                        <\/span>\r\n                                    \r\n                                                                            <span class=\"bdt-ep-accordion-icon-opened\">\r\n                                            <i aria-hidden=\"true\" class=\"fa-fw fas fa-minus\"><\/i>                                        <\/span>\r\n                                    \r\n                                <\/span>\r\n                            \r\n                            <span class=\"bdt-ep-title-text bdt-flex bdt-flex-middle\">\r\n\r\n                                                                Subvenci\u00f3n insumos agropecuarios 2016                            <\/span>\r\n\r\n                        <\/div>\r\n                        <div class=\"bdt-ep-accordion-content bdt-accordion-content\">\r\n                            <p><strong>Subvenci\u00f3n insumos agropecuarios 2016<\/strong><\/p><ul><li><a href=\"https:\/\/www.maga.gob.gt\/download\/subvencion.pdf\" data-url=\"https:\/\/www.maga.gob.gt\/download\/subvencion.pdf\">Parte legal<\/a><\/li><li><a href=\"https:\/\/www.maga.gob.gt\/wp-content\/uploads\/pdf\/subvencion-maga.xlsx\">Listado de beneficiarios<\/a><\/li><\/ul>                        <\/div>\r\n                    <\/div>\r\n                            <\/div>\r\n        <\/div>\r\n    \t\t\t\t<\/div>\n\t\t\t\t<\/div>\n\t\t\t\t\t<\/div>\n\t\t<\/div>\n\t\t\t\t\t<\/div>\n\t\t<\/section>\n\t\t\t\t<\/div>\n\t\t","protected":false},"excerpt":{"rendered":"<p>Inicio \/ Beneficiarios programas MAGA Beneficiarios programas MAGA Subvenci\u00f3n alimentos hambre estacional 2019 Manual para la Ejecuci\u00f3n de la Subvenci\u00f3n para la Adquisici\u00f3n de Alimentos por el Hambre Estacional 2019 Beneficiarios Subvenci\u00f3n para la adquisici\u00f3n de alimentos por Hambre estacional 2019 Subvenci\u00f3n Riego 2018 Subvenci\u00f3n Riego 2018 Subvenci\u00f3n alimentos can\u00edcula prolongada 2018 \u2013 (2 cupones por beneficiario) Primer cronograma de cupones.Segundo cronograma de cupones. Beneficiarios de Subvenci\u00f3n de Alimentos 2018 Subvenci\u00f3n insumos agropecuarios 2018 Subvenci\u00f3n insumos agropecuarios 2018 Subvenci\u00f3n insumos agropecuarios 2017 Listado convalidado con el Registro Nacional de las Personas -RENAP-. Parte 1Parte 2Parte 3Parte 4 Listado de Beneficiarios subvenci\u00f3n 2,017. Cronograma de Entrega Subvenci\u00f3n. Cronograma de entrega del 6 al 11 de febrero. Cronograma de entrega del 12 al 18 de febrero. Subvenci\u00f3n insumos agropecuarios 2016 Subvenci\u00f3n insumos agropecuarios 2016 Parte legal Listado de beneficiarios<\/p>\n","protected":false},"author":2,"featured_media":0,"parent":0,"menu_order":0,"comment_status":"closed","ping_status":"closed","template":"","meta":{"_kad_post_transparent":"default","_kad_post_title":"hide","_kad_post_layout":"fullwidth","_kad_post_sidebar_id":"","_kad_post_content_style":"unboxed","_kad_post_vertical_padding":"hide","_kad_post_feature":"hide","_kad_post_feature_position":"","_kad_post_header":false,"_kad_post_footer":false,"footnotes":""},"class_list":["post-473","page","type-page","status-publish","hentry"],"_links":{"self":[{"href":"https:\/\/www.maga.gob.gt\/sitios\/uip\/wp-json\/wp\/v2\/pages\/473","targetHints":{"allow":["GET"]}}],"collection":[{"href":"https:\/\/www.maga.gob.gt\/sitios\/uip\/wp-json\/wp\/v2\/pages"}],"about":[{"href":"https:\/\/www.maga.gob.gt\/sitios\/uip\/wp-json\/wp\/v2\/types\/page"}],"author":[{"embeddable":true,"href":"https:\/\/www.maga.gob.gt\/sitios\/uip\/wp-json\/wp\/v2\/users\/2"}],"replies":[{"embeddable":true,"href":"https:\/\/www.maga.gob.gt\/sitios\/uip\/wp-json\/wp\/v2\/comments?post=473"}],"version-history":[{"count":7,"href":"https:\/\/www.maga.gob.gt\/sitios\/uip\/wp-json\/wp\/v2\/pages\/473\/revisions"}],"predecessor-version":[{"id":2250,"href":"https:\/\/www.maga.gob.gt\/sitios\/uip\/wp-json\/wp\/v2\/pages\/473\/revisions\/2250"}],"wp:attachment":[{"href":"https:\/\/www.maga.gob.gt\/sitios\/uip\/wp-json\/wp\/v2\/media?parent=473"}],"curies":[{"name":"wp","href":"https:\/\/api.w.org\/{rel}","templated":true}]}}