{"id":2340,"date":"2023-09-07T16:53:41","date_gmt":"2023-09-07T16:53:41","guid":{"rendered":"https:\/\/www.maga.gob.gt\/sitios\/uip\/?page_id=2340"},"modified":"2026-04-13T22:21:31","modified_gmt":"2026-04-13T22:21:31","slug":"fonagro-art10-num24","status":"publish","type":"page","link":"https:\/\/www.maga.gob.gt\/sitios\/uip\/fonagro-art10-num24\/","title":{"rendered":"fonagro-art10-num24"},"content":{"rendered":"\t\t<div data-elementor-type=\"wp-page\" data-elementor-id=\"2340\" class=\"elementor elementor-2340\">\n\t\t\t\t\t\t<section class=\"elementor-section elementor-top-section elementor-element elementor-element-89d0b16 elementor-section-boxed elementor-section-height-default elementor-section-height-default wpr-particle-no wpr-jarallax-no wpr-parallax-no wpr-sticky-section-no\" data-id=\"89d0b16\" data-element_type=\"section\">\n\t\t\t\t\t\t<div class=\"elementor-container elementor-column-gap-default\">\n\t\t\t\t\t<div class=\"elementor-column elementor-col-100 elementor-top-column elementor-element elementor-element-6c67b7e\" data-id=\"6c67b7e\" data-element_type=\"column\">\n\t\t\t<div class=\"elementor-widget-wrap elementor-element-populated\">\n\t\t\t\t\t\t<div class=\"elementor-element elementor-element-6673fee elementor-widget elementor-widget-text-editor\" data-id=\"6673fee\" data-element_type=\"widget\" data-widget_type=\"text-editor.default\">\n\t\t\t\t<div class=\"elementor-widget-container\">\n\t\t\t\t\t\t\t\t\t<p><a href=\"https:\/\/www.maga.gob.gt\/sitios\/uip\/fonagro-articulo-10\/\">Articulo 10 FONAGRO<\/a>\u00a0 \/ 10.24 Informaci\u00f3n de autoridades internacionales<\/p>\t\t\t\t\t\t\t\t<\/div>\n\t\t\t\t<\/div>\n\t\t\t\t\t<\/div>\n\t\t<\/div>\n\t\t\t\t\t<\/div>\n\t\t<\/section>\n\t\t\t\t<section class=\"elementor-section elementor-top-section elementor-element elementor-element-d5f62ed elementor-section-boxed elementor-section-height-default elementor-section-height-default wpr-particle-no wpr-jarallax-no wpr-parallax-no wpr-sticky-section-no\" data-id=\"d5f62ed\" data-element_type=\"section\">\n\t\t\t\t\t\t<div class=\"elementor-container elementor-column-gap-default\">\n\t\t\t\t\t<div class=\"elementor-column elementor-col-100 elementor-top-column elementor-element elementor-element-e16e7d1\" data-id=\"e16e7d1\" data-element_type=\"column\">\n\t\t\t<div class=\"elementor-widget-wrap elementor-element-populated\">\n\t\t\t\t\t\t<div class=\"elementor-element elementor-element-87196dd elementor-widget elementor-widget-heading\" data-id=\"87196dd\" data-element_type=\"widget\" data-widget_type=\"heading.default\">\n\t\t\t\t<div class=\"elementor-widget-container\">\n\t\t\t\t\t<h1 class=\"elementor-heading-title elementor-size-default\">10.24 Informaci\u00f3n de autoridades internacionales<\/h1>\t\t\t\t<\/div>\n\t\t\t\t<\/div>\n\t\t\t\t\t<\/div>\n\t\t<\/div>\n\t\t\t\t\t<\/div>\n\t\t<\/section>\n\t\t\t\t<section class=\"elementor-section elementor-top-section elementor-element elementor-element-fb0a5c9 elementor-section-boxed elementor-section-height-default elementor-section-height-default wpr-particle-no wpr-jarallax-no wpr-parallax-no wpr-sticky-section-no\" data-id=\"fb0a5c9\" data-element_type=\"section\">\n\t\t\t\t\t\t<div class=\"elementor-container elementor-column-gap-default\">\n\t\t\t\t\t<div class=\"elementor-column elementor-col-100 elementor-top-column elementor-element elementor-element-23a3fc9\" data-id=\"23a3fc9\" data-element_type=\"column\">\n\t\t\t<div class=\"elementor-widget-wrap elementor-element-populated\">\n\t\t\t\t\t\t<div class=\"elementor-element elementor-element-2d4a220 elementor-widget-divider--view-line elementor-widget elementor-widget-divider\" data-id=\"2d4a220\" data-element_type=\"widget\" data-widget_type=\"divider.default\">\n\t\t\t\t<div class=\"elementor-widget-container\">\n\t\t\t\t\t\t\t<div class=\"elementor-divider\">\n\t\t\t<span class=\"elementor-divider-separator\">\n\t\t\t\t\t\t<\/span>\n\t\t<\/div>\n\t\t\t\t\t\t<\/div>\n\t\t\t\t<\/div>\n\t\t\t\t\t<\/div>\n\t\t<\/div>\n\t\t\t\t\t<\/div>\n\t\t<\/section>\n\t\t\t\t<section class=\"elementor-section elementor-top-section elementor-element elementor-element-8110da7 elementor-section-boxed elementor-section-height-default elementor-section-height-default wpr-particle-no wpr-jarallax-no wpr-parallax-no wpr-sticky-section-no\" data-id=\"8110da7\" data-element_type=\"section\">\n\t\t\t\t\t\t<div class=\"elementor-container elementor-column-gap-default\">\n\t\t\t\t\t<div class=\"elementor-column elementor-col-100 elementor-top-column elementor-element elementor-element-5eee859\" data-id=\"5eee859\" data-element_type=\"column\">\n\t\t\t<div class=\"elementor-widget-wrap elementor-element-populated\">\n\t\t\t\t\t\t<div class=\"elementor-element elementor-element-50ba923 elementor-widget elementor-widget-bdt-accordion\" data-id=\"50ba923\" data-element_type=\"widget\" data-widget_type=\"bdt-accordion.default\">\n\t\t\t\t<div class=\"elementor-widget-container\">\n\t\t\t\t\t        <div class=\"bdt-ep-accordion-container\">\r\n            <div id=\"bdt-ep-accordion-50ba923\" class=\"bdt-ep-accordion bdt-accordion\" data-bdt-accordion=\"{&quot;collapsible&quot;:true,&quot;multiple&quot;:false,&quot;transition&quot;:&quot;ease-in-out&quot;}\" data-settings=\"{&quot;id&quot;:&quot;bdt-ep-accordion-50ba923&quot;,&quot;activeHash&quot;:&quot;no&quot;,&quot;activeScrollspy&quot;:null,&quot;hashTopOffset&quot;:false,&quot;hashScrollspyTime&quot;:false}\">\r\n                                    <div class=\"bdt-ep-accordion-item\">\r\n                        <div class=\"bdt-ep-accordion-title bdt-accordion-title bdt-flex bdt-flex-middle bdt-flex-between\" id=\"bdt-ep-accordion-ao-2026-actualizacin-10042026\" data-accordion-index=\"0\" data-title=\"a-o-2026-actualizaci-n-10-04-2026\" role=\"heading\">\r\n\r\n                                                            <span class=\"bdt-ep-accordion-icon bdt-flex-align-right\" aria-hidden=\"true\">\r\n\r\n                                                                            <span class=\"bdt-ep-accordion-icon-closed\">\r\n                                            <i aria-hidden=\"true\" class=\"fa-fw fas fa-plus\"><\/i>                                        <\/span>\r\n                                    \r\n                                                                            <span class=\"bdt-ep-accordion-icon-opened\">\r\n                                            <i aria-hidden=\"true\" class=\"fa-fw fas fa-minus\"><\/i>                                        <\/span>\r\n                                    \r\n                                <\/span>\r\n                            \r\n                            <span class=\"bdt-ep-title-text bdt-flex bdt-flex-middle\">\r\n\r\n                                                                A\u00f1o 2026 - Actualizaci\u00f3n 10\/04\/2026                            <\/span>\r\n\r\n                        <\/div>\r\n                        <div class=\"bdt-ep-accordion-content bdt-accordion-content\">\r\n                            <ul><li><a href=\"https:\/\/www.maga.gob.gt\/sitios\/uip\/shared-files\/45013\/?1024fonagro-ene26.pdf\">Enero<\/a><\/li><li><a href=\"https:\/\/www.maga.gob.gt\/sitios\/uip\/shared-files\/47058\/?1024fonagro-feb26.pdf\">Febrero<\/a><\/li><li><a href=\"https:\/\/www.maga.gob.gt\/sitios\/uip\/shared-files\/47791\/?1024fonagro-mar26.pdf\">Marzo<\/a><\/li><\/ul>                        <\/div>\r\n                    <\/div>\r\n                                    <div class=\"bdt-ep-accordion-item\">\r\n                        <div class=\"bdt-ep-accordion-title bdt-accordion-title bdt-flex bdt-flex-middle bdt-flex-between\" id=\"bdt-ep-accordion-ao-2025-actualizacin-19012026\" data-accordion-index=\"1\" data-title=\"a-o-2025-actualizaci-n-19-01-2026\" role=\"heading\">\r\n\r\n                                                            <span class=\"bdt-ep-accordion-icon bdt-flex-align-right\" aria-hidden=\"true\">\r\n\r\n                                                                            <span class=\"bdt-ep-accordion-icon-closed\">\r\n                                            <i aria-hidden=\"true\" class=\"fa-fw fas fa-plus\"><\/i>                                        <\/span>\r\n                                    \r\n                                                                            <span class=\"bdt-ep-accordion-icon-opened\">\r\n                                            <i aria-hidden=\"true\" class=\"fa-fw fas fa-minus\"><\/i>                                        <\/span>\r\n                                    \r\n                                <\/span>\r\n                            \r\n                            <span class=\"bdt-ep-title-text bdt-flex bdt-flex-middle\">\r\n\r\n                                                                A\u00f1o 2025 - Actualizaci\u00f3n 19\/01\/2026                            <\/span>\r\n\r\n                        <\/div>\r\n                        <div class=\"bdt-ep-accordion-content bdt-accordion-content\">\r\n                            <ul><li><a href=\"https:\/\/www.maga.gob.gt\/sitios\/uip\/shared-files\/26302\/?24autofo-ene25.pdf\">Enero<\/a><\/li><li><a href=\"https:\/\/www.maga.gob.gt\/sitios\/uip\/shared-files\/28029\/?24autofo-feb25.pdf\">Febrero<\/a><\/li><li><a href=\"https:\/\/www.maga.gob.gt\/sitios\/uip\/shared-files\/30325\/?24autofo-mar25.pdf\">Marzo<\/a><\/li><li><a href=\"https:\/\/www.maga.gob.gt\/sitios\/uip\/shared-files\/31555\/?24autofo-abr25.pdf\">Abril<\/a><\/li><li><a href=\"https:\/\/www.maga.gob.gt\/sitios\/uip\/shared-files\/33107\/?24autofo-may25.pdf\">Mayo<\/a><\/li><li><a href=\"https:\/\/www.maga.gob.gt\/sitios\/uip\/shared-files\/34243\/?1024fonagro-jun25.pdf\">Junio<\/a><\/li><li><a href=\"https:\/\/www.maga.gob.gt\/sitios\/uip\/shared-files\/35449\/?1024fonagro-jul25.pdf\">Julio<\/a><\/li><li><a href=\"https:\/\/www.maga.gob.gt\/sitios\/uip\/shared-files\/37001\/?1024fonagro-ago25.pdf\">Agosto<\/a><\/li><li><a href=\"https:\/\/www.maga.gob.gt\/sitios\/uip\/shared-files\/38640\/?1024fonagro-sep25.pdf\">Septiembre<\/a><\/li><li><a href=\"https:\/\/www.maga.gob.gt\/sitios\/uip\/shared-files\/40715\/?1024fonagro-oct25.pdf\">Octubre<\/a><\/li><li><a href=\"https:\/\/www.maga.gob.gt\/sitios\/uip\/shared-files\/42218\/?1024fonagro-nov25.pdf\">Noviembre<\/a><\/li><li><a href=\"https:\/\/www.maga.gob.gt\/sitios\/uip\/shared-files\/43696\/?1024fonagro-dic25.pdf\">Diciembre<\/a><\/li><\/ul>                        <\/div>\r\n                    <\/div>\r\n                                    <div class=\"bdt-ep-accordion-item\">\r\n                        <div class=\"bdt-ep-accordion-title bdt-accordion-title bdt-flex bdt-flex-middle bdt-flex-between\" id=\"bdt-ep-accordion-ao-2024-actualizacin-23012025\" data-accordion-index=\"2\" data-title=\"a-o-2024-actualizaci-n-23-01-2025\" role=\"heading\">\r\n\r\n                                                            <span class=\"bdt-ep-accordion-icon bdt-flex-align-right\" aria-hidden=\"true\">\r\n\r\n                                                                            <span class=\"bdt-ep-accordion-icon-closed\">\r\n                                            <i aria-hidden=\"true\" class=\"fa-fw fas fa-plus\"><\/i>                                        <\/span>\r\n                                    \r\n                                                                            <span class=\"bdt-ep-accordion-icon-opened\">\r\n                                            <i aria-hidden=\"true\" class=\"fa-fw fas fa-minus\"><\/i>                                        <\/span>\r\n                                    \r\n                                <\/span>\r\n                            \r\n                            <span class=\"bdt-ep-title-text bdt-flex bdt-flex-middle\">\r\n\r\n                                                                A\u00f1o 2024 - Actualizaci\u00f3n 23\/01\/2025                            <\/span>\r\n\r\n                        <\/div>\r\n                        <div class=\"bdt-ep-accordion-content bdt-accordion-content\">\r\n                            <ul><li><a href=\"https:\/\/www.maga.gob.gt\/sitios\/uip\/shared-files\/21648\/?24autofo-ene24.pdf\">Enero<\/a><\/li><li><a href=\"https:\/\/www.maga.gob.gt\/sitios\/uip\/shared-files\/21649\/?24autofo-feb24.pdf\">Febrero<\/a><\/li><li><a href=\"https:\/\/www.maga.gob.gt\/sitios\/uip\/shared-files\/21650\/?24autofo-mar24.pdf\">Marzo<\/a><\/li><li><a href=\"https:\/\/www.maga.gob.gt\/sitios\/uip\/wp-content\/uploads\/2024\/05\/24autofo-abr24.pdf\">Abril<\/a><\/li><li><a href=\"https:\/\/www.maga.gob.gt\/sitios\/uip\/wp-content\/uploads\/2024\/06\/24autofo-may24.pdf\">Mayo<\/a><\/li><li><a href=\"https:\/\/www.maga.gob.gt\/sitios\/uip\/shared-files\/16176\/?24autofo-jun24.pdf\">Junio<\/a><\/li><li><a href=\"https:\/\/www.maga.gob.gt\/sitios\/uip\/shared-files\/17392\/?24autofo-jul24.pdf\">Julio<\/a><\/li><li><a href=\"https:\/\/www.maga.gob.gt\/sitios\/uip\/shared-files\/18639\/?24autofo-ago24.pdf\">Agosto<\/a><\/li><li><a href=\"https:\/\/www.maga.gob.gt\/sitios\/uip\/shared-files\/19980\/?24autofo-sep24.pdf\">Septiembre<\/a><\/li><li><a href=\"https:\/\/www.maga.gob.gt\/sitios\/uip\/shared-files\/21542\/?24autofo-oct24.pdf\">Octubre<\/a><\/li><li><a href=\"https:\/\/www.maga.gob.gt\/sitios\/uip\/shared-files\/22619\/?24autofo-nov24.pdf\">Noviembre<\/a><\/li><li><a href=\"https:\/\/www.maga.gob.gt\/sitios\/uip\/shared-files\/24642\/?24autofo-dic24.pdf\">Diciembre<\/a><\/li><\/ul>                        <\/div>\r\n                    <\/div>\r\n                                    <div class=\"bdt-ep-accordion-item\">\r\n                        <div class=\"bdt-ep-accordion-title bdt-accordion-title bdt-flex bdt-flex-middle bdt-flex-between\" id=\"bdt-ep-accordion-ao-2023-actualizacin-23012024\" data-accordion-index=\"3\" data-title=\"a-o-2023-actualizaci-n-23-01-2024\" role=\"heading\">\r\n\r\n                                                            <span class=\"bdt-ep-accordion-icon bdt-flex-align-right\" aria-hidden=\"true\">\r\n\r\n                                                                            <span class=\"bdt-ep-accordion-icon-closed\">\r\n                                            <i aria-hidden=\"true\" class=\"fa-fw fas fa-plus\"><\/i>                                        <\/span>\r\n                                    \r\n                                                                            <span class=\"bdt-ep-accordion-icon-opened\">\r\n                                            <i aria-hidden=\"true\" class=\"fa-fw fas fa-minus\"><\/i>                                        <\/span>\r\n                                    \r\n                                <\/span>\r\n                            \r\n                            <span class=\"bdt-ep-title-text bdt-flex bdt-flex-middle\">\r\n\r\n                                                                A\u00f1o 2023 - Actualizaci\u00f3n 23\/01\/2024                            <\/span>\r\n\r\n                        <\/div>\r\n                        <div class=\"bdt-ep-accordion-content bdt-accordion-content\">\r\n                            <ul><li>No aplica (<a href=\"https:\/\/www.maga.gob.gt\/sitios\/uip\/wp-content\/uploads\/2024\/01\/24autofo-dic23.pdf\">Ver justificaci\u00f3n<\/a>)<\/li><\/ul>                        <\/div>\r\n                    <\/div>\r\n                                    <div class=\"bdt-ep-accordion-item\">\r\n                        <div class=\"bdt-ep-accordion-title bdt-accordion-title bdt-flex bdt-flex-middle bdt-flex-between\" id=\"bdt-ep-accordion-ao-2022-actualizacin-14022023\" data-accordion-index=\"4\" data-title=\"a-o-2022-actualizaci-n-14-02-2023\" role=\"heading\">\r\n\r\n                                                            <span class=\"bdt-ep-accordion-icon bdt-flex-align-right\" aria-hidden=\"true\">\r\n\r\n                                                                            <span class=\"bdt-ep-accordion-icon-closed\">\r\n                                            <i aria-hidden=\"true\" class=\"fa-fw fas fa-plus\"><\/i>                                        <\/span>\r\n                                    \r\n                                                                            <span class=\"bdt-ep-accordion-icon-opened\">\r\n                                            <i aria-hidden=\"true\" class=\"fa-fw fas fa-minus\"><\/i>                                        <\/span>\r\n                                    \r\n                                <\/span>\r\n                            \r\n                            <span class=\"bdt-ep-title-text bdt-flex bdt-flex-middle\">\r\n\r\n                                                                A\u00f1o 2022 - Actualizaci\u00f3n 14\/02\/2023                            <\/span>\r\n\r\n                        <\/div>\r\n                        <div class=\"bdt-ep-accordion-content bdt-accordion-content\">\r\n                            <ul><li>No aplica (<a href=\"https:\/\/www.maga.gob.gt\/download\/24autofo-dic22.pdf\">Ver justificaci\u00f3n<\/a>)<\/li><\/ul>                        <\/div>\r\n                    <\/div>\r\n                                    <div class=\"bdt-ep-accordion-item\">\r\n                        <div class=\"bdt-ep-accordion-title bdt-accordion-title bdt-flex bdt-flex-middle bdt-flex-between\" id=\"bdt-ep-accordion-ao-2021-actualizacin-260122\" data-accordion-index=\"5\" data-title=\"a-o-2021-actualizaci-n-26-01-22\" role=\"heading\">\r\n\r\n                                                            <span class=\"bdt-ep-accordion-icon bdt-flex-align-right\" aria-hidden=\"true\">\r\n\r\n                                                                            <span class=\"bdt-ep-accordion-icon-closed\">\r\n                                            <i aria-hidden=\"true\" class=\"fa-fw fas fa-plus\"><\/i>                                        <\/span>\r\n                                    \r\n                                                                            <span class=\"bdt-ep-accordion-icon-opened\">\r\n                                            <i aria-hidden=\"true\" class=\"fa-fw fas fa-minus\"><\/i>                                        <\/span>\r\n                                    \r\n                                <\/span>\r\n                            \r\n                            <span class=\"bdt-ep-title-text bdt-flex bdt-flex-middle\">\r\n\r\n                                                                A\u00f1o 2021 - Actualizaci\u00f3n 26\/01\/22                            <\/span>\r\n\r\n                        <\/div>\r\n                        <div class=\"bdt-ep-accordion-content bdt-accordion-content\">\r\n                            <ul><li>No aplica (<a href=\"https:\/\/www.maga.gob.gt\/download\/24autofo-dic21.zip\">Ver justificaci\u00f3n<\/a>)<\/li><\/ul>                        <\/div>\r\n                    <\/div>\r\n                                    <div class=\"bdt-ep-accordion-item\">\r\n                        <div class=\"bdt-ep-accordion-title bdt-accordion-title bdt-flex bdt-flex-middle bdt-flex-between\" id=\"bdt-ep-accordion-ao-2020-actualizacin-200121\" data-accordion-index=\"6\" data-title=\"a-o-2020-actualizaci-n-20-01-21\" role=\"heading\">\r\n\r\n                                                            <span class=\"bdt-ep-accordion-icon bdt-flex-align-right\" aria-hidden=\"true\">\r\n\r\n                                                                            <span class=\"bdt-ep-accordion-icon-closed\">\r\n                                            <i aria-hidden=\"true\" class=\"fa-fw fas fa-plus\"><\/i>                                        <\/span>\r\n                                    \r\n                                                                            <span class=\"bdt-ep-accordion-icon-opened\">\r\n                                            <i aria-hidden=\"true\" class=\"fa-fw fas fa-minus\"><\/i>                                        <\/span>\r\n                                    \r\n                                <\/span>\r\n                            \r\n                            <span class=\"bdt-ep-title-text bdt-flex bdt-flex-middle\">\r\n\r\n                                                                A\u00f1o 2020 - Actualizaci\u00f3n 20\/01\/21                            <\/span>\r\n\r\n                        <\/div>\r\n                        <div class=\"bdt-ep-accordion-content bdt-accordion-content\">\r\n                            <ul><li>No aplica (<a href=\"https:\/\/www.maga.gob.gt\/download\/25infoaug-dic20.pdf\">Ver justificaci\u00f3n<\/a>)<\/li><\/ul>                        <\/div>\r\n                    <\/div>\r\n                                    <div class=\"bdt-ep-accordion-item\">\r\n                        <div class=\"bdt-ep-accordion-title bdt-accordion-title bdt-flex bdt-flex-middle bdt-flex-between\" id=\"bdt-ep-accordion-ao-2019-actualizacin-170120\" data-accordion-index=\"7\" data-title=\"a-o-2019-actualizaci-n-17-01-20\" role=\"heading\">\r\n\r\n                                                            <span class=\"bdt-ep-accordion-icon bdt-flex-align-right\" aria-hidden=\"true\">\r\n\r\n                                                                            <span class=\"bdt-ep-accordion-icon-closed\">\r\n                                            <i aria-hidden=\"true\" class=\"fa-fw fas fa-plus\"><\/i>                                        <\/span>\r\n                                    \r\n                                                                            <span class=\"bdt-ep-accordion-icon-opened\">\r\n                                            <i aria-hidden=\"true\" class=\"fa-fw fas fa-minus\"><\/i>                                        <\/span>\r\n                                    \r\n                                <\/span>\r\n                            \r\n                            <span class=\"bdt-ep-title-text bdt-flex bdt-flex-middle\">\r\n\r\n                                                                A\u00f1o 2019 - Actualizaci\u00f3n 17\/01\/20                            <\/span>\r\n\r\n                        <\/div>\r\n                        <div class=\"bdt-ep-accordion-content bdt-accordion-content\">\r\n                            <ul><li>No aplica (<a href=\"https:\/\/www.maga.gob.gt\/download\/24infa-dic19.pdf\">Ver justificaci\u00f3n<\/a>)<\/li><\/ul>                        <\/div>\r\n                    <\/div>\r\n                            <\/div>\r\n        <\/div>\r\n    \t\t\t\t<\/div>\n\t\t\t\t<\/div>\n\t\t\t\t\t<\/div>\n\t\t<\/div>\n\t\t\t\t\t<\/div>\n\t\t<\/section>\n\t\t\t\t<\/div>\n\t\t","protected":false},"excerpt":{"rendered":"<p>Articulo 10 FONAGRO\u00a0 \/ 10.24 Informaci\u00f3n de autoridades internacionales 10.24 Informaci\u00f3n de autoridades internacionales A\u00f1o 2026 &#8211; Actualizaci\u00f3n 10\/04\/2026 Enero Febrero Marzo A\u00f1o 2025 &#8211; Actualizaci\u00f3n 19\/01\/2026 Enero Febrero Marzo Abril Mayo Junio Julio Agosto Septiembre Octubre Noviembre Diciembre A\u00f1o 2024 &#8211; Actualizaci\u00f3n 23\/01\/2025 Enero Febrero Marzo Abril Mayo Junio Julio Agosto Septiembre Octubre Noviembre Diciembre A\u00f1o 2023 &#8211; Actualizaci\u00f3n 23\/01\/2024 No aplica (Ver justificaci\u00f3n) A\u00f1o 2022 &#8211; Actualizaci\u00f3n 14\/02\/2023 No aplica (Ver justificaci\u00f3n) A\u00f1o 2021 &#8211; Actualizaci\u00f3n 26\/01\/22 No aplica (Ver justificaci\u00f3n) A\u00f1o 2020 &#8211; Actualizaci\u00f3n 20\/01\/21 No aplica (Ver justificaci\u00f3n) A\u00f1o 2019 &#8211; Actualizaci\u00f3n 17\/01\/20 No aplica (Ver justificaci\u00f3n)<\/p>\n","protected":false},"author":2,"featured_media":0,"parent":0,"menu_order":0,"comment_status":"closed","ping_status":"closed","template":"","meta":{"_kad_post_transparent":"default","_kad_post_title":"hide","_kad_post_layout":"fullwidth","_kad_post_sidebar_id":"","_kad_post_content_style":"unboxed","_kad_post_vertical_padding":"hide","_kad_post_feature":"hide","_kad_post_feature_position":"","_kad_post_header":false,"_kad_post_footer":false,"footnotes":""},"class_list":["post-2340","page","type-page","status-publish","hentry"],"_links":{"self":[{"href":"https:\/\/www.maga.gob.gt\/sitios\/uip\/wp-json\/wp\/v2\/pages\/2340","targetHints":{"allow":["GET"]}}],"collection":[{"href":"https:\/\/www.maga.gob.gt\/sitios\/uip\/wp-json\/wp\/v2\/pages"}],"about":[{"href":"https:\/\/www.maga.gob.gt\/sitios\/uip\/wp-json\/wp\/v2\/types\/page"}],"author":[{"embeddable":true,"href":"https:\/\/www.maga.gob.gt\/sitios\/uip\/wp-json\/wp\/v2\/users\/2"}],"replies":[{"embeddable":true,"href":"https:\/\/www.maga.gob.gt\/sitios\/uip\/wp-json\/wp\/v2\/comments?post=2340"}],"version-history":[{"count":109,"href":"https:\/\/www.maga.gob.gt\/sitios\/uip\/wp-json\/wp\/v2\/pages\/2340\/revisions"}],"predecessor-version":[{"id":47794,"href":"https:\/\/www.maga.gob.gt\/sitios\/uip\/wp-json\/wp\/v2\/pages\/2340\/revisions\/47794"}],"wp:attachment":[{"href":"https:\/\/www.maga.gob.gt\/sitios\/uip\/wp-json\/wp\/v2\/media?parent=2340"}],"curies":[{"name":"wp","href":"https:\/\/api.w.org\/{rel}","templated":true}]}}