{"id":2286,"date":"2023-09-07T16:50:55","date_gmt":"2023-09-07T16:50:55","guid":{"rendered":"https:\/\/www.maga.gob.gt\/sitios\/uip\/?page_id=2286"},"modified":"2023-09-12T16:48:29","modified_gmt":"2023-09-12T16:48:29","slug":"fonagro-art10-num06","status":"publish","type":"page","link":"https:\/\/www.maga.gob.gt\/sitios\/uip\/fonagro-art10-num06\/","title":{"rendered":"fonagro-art10-num06"},"content":{"rendered":"\t\t<div data-elementor-type=\"wp-page\" data-elementor-id=\"2286\" class=\"elementor elementor-2286\">\n\t\t\t\t\t\t<section class=\"elementor-section elementor-top-section elementor-element elementor-element-037d305 elementor-section-boxed elementor-section-height-default elementor-section-height-default wpr-particle-no wpr-jarallax-no wpr-parallax-no wpr-sticky-section-no\" data-id=\"037d305\" data-element_type=\"section\">\n\t\t\t\t\t\t<div class=\"elementor-container elementor-column-gap-default\">\n\t\t\t\t\t<div class=\"elementor-column elementor-col-100 elementor-top-column elementor-element elementor-element-286c0f9\" data-id=\"286c0f9\" data-element_type=\"column\">\n\t\t\t<div class=\"elementor-widget-wrap elementor-element-populated\">\n\t\t\t\t\t\t<div class=\"elementor-element elementor-element-8e8ec20 elementor-widget elementor-widget-text-editor\" data-id=\"8e8ec20\" data-element_type=\"widget\" data-widget_type=\"text-editor.default\">\n\t\t\t\t<div class=\"elementor-widget-container\">\n\t\t\t\t\t\t\t\t\t<p><a href=\"https:\/\/www.maga.gob.gt\/sitios\/uip\/fonagro-articulo-10\/\">Articulo 10 FONAGRO<\/a> \/ 10.6 &#8211; Manuales de procedimientos<\/p>\t\t\t\t\t\t\t\t<\/div>\n\t\t\t\t<\/div>\n\t\t\t\t\t<\/div>\n\t\t<\/div>\n\t\t\t\t\t<\/div>\n\t\t<\/section>\n\t\t\t\t<section class=\"elementor-section elementor-top-section elementor-element elementor-element-d227686 elementor-section-boxed elementor-section-height-default elementor-section-height-default wpr-particle-no wpr-jarallax-no wpr-parallax-no wpr-sticky-section-no\" data-id=\"d227686\" data-element_type=\"section\">\n\t\t\t\t\t\t<div class=\"elementor-container elementor-column-gap-default\">\n\t\t\t\t\t<div class=\"elementor-column elementor-col-100 elementor-top-column elementor-element elementor-element-090e6b0\" data-id=\"090e6b0\" data-element_type=\"column\">\n\t\t\t<div class=\"elementor-widget-wrap elementor-element-populated\">\n\t\t\t\t\t\t<div class=\"elementor-element elementor-element-cb4345b elementor-widget elementor-widget-heading\" data-id=\"cb4345b\" data-element_type=\"widget\" data-widget_type=\"heading.default\">\n\t\t\t\t<div class=\"elementor-widget-container\">\n\t\t\t\t\t<h1 class=\"elementor-heading-title elementor-size-default\">10.6 - Manuales de procedimientos<\/h1>\t\t\t\t<\/div>\n\t\t\t\t<\/div>\n\t\t\t\t\t<\/div>\n\t\t<\/div>\n\t\t\t\t\t<\/div>\n\t\t<\/section>\n\t\t\t\t<section class=\"elementor-section elementor-top-section elementor-element elementor-element-1a59109 elementor-section-boxed elementor-section-height-default elementor-section-height-default wpr-particle-no wpr-jarallax-no wpr-parallax-no wpr-sticky-section-no\" data-id=\"1a59109\" data-element_type=\"section\">\n\t\t\t\t\t\t<div class=\"elementor-container elementor-column-gap-default\">\n\t\t\t\t\t<div class=\"elementor-column elementor-col-100 elementor-top-column elementor-element elementor-element-bce26c9\" data-id=\"bce26c9\" data-element_type=\"column\">\n\t\t\t<div class=\"elementor-widget-wrap elementor-element-populated\">\n\t\t\t\t\t\t<div class=\"elementor-element elementor-element-54e15f9 elementor-widget-divider--view-line elementor-widget elementor-widget-divider\" data-id=\"54e15f9\" data-element_type=\"widget\" data-widget_type=\"divider.default\">\n\t\t\t\t<div class=\"elementor-widget-container\">\n\t\t\t\t\t\t\t<div class=\"elementor-divider\">\n\t\t\t<span class=\"elementor-divider-separator\">\n\t\t\t\t\t\t<\/span>\n\t\t<\/div>\n\t\t\t\t\t\t<\/div>\n\t\t\t\t<\/div>\n\t\t\t\t\t<\/div>\n\t\t<\/div>\n\t\t\t\t\t<\/div>\n\t\t<\/section>\n\t\t\t\t<section class=\"elementor-section elementor-top-section elementor-element elementor-element-163a784 elementor-section-boxed elementor-section-height-default elementor-section-height-default wpr-particle-no wpr-jarallax-no wpr-parallax-no wpr-sticky-section-no\" data-id=\"163a784\" data-element_type=\"section\">\n\t\t\t\t\t\t<div class=\"elementor-container elementor-column-gap-default\">\n\t\t\t\t\t<div class=\"elementor-column elementor-col-100 elementor-top-column elementor-element elementor-element-f901b4f\" data-id=\"f901b4f\" data-element_type=\"column\">\n\t\t\t<div class=\"elementor-widget-wrap elementor-element-populated\">\n\t\t\t\t\t\t<div class=\"elementor-element elementor-element-2d34fb8 elementor-widget elementor-widget-text-editor\" data-id=\"2d34fb8\" data-element_type=\"widget\" data-widget_type=\"text-editor.default\">\n\t\t\t\t<div class=\"elementor-widget-container\">\n\t\t\t\t\t\t\t\t\t<p>Actualizaci\u00f3n 16\/08\/2023<\/p><ul><li><a href=\"https:\/\/www.maga.gob.gt\/download\/resol46-17.pdf\">Resoluci\u00f3n No. 46-2017<\/a><\/li><li><a href=\"https:\/\/www.maga.gob.gt\/download\/resol47-17.pdf\">Resoluci\u00f3n No. 47-2017<\/a><\/li><li><a href=\"https:\/\/www.maga.gob.gt\/download\/resol48-17.pdf\">Resoluci\u00f3n No. 48-2017<\/a><\/li><li><a href=\"https:\/\/www.maga.gob.gt\/download\/resol49-17.pdf\">Resoluci\u00f3n No. 49-2017<\/a><\/li><li><a href=\"https:\/\/www.maga.gob.gt\/download\/resol51-17.pdf\">Resoluci\u00f3n No. 51-2017<\/a><\/li><li><a href=\"https:\/\/www.maga.gob.gt\/download\/resol52-17.pdf\">Resoluci\u00f3n No. 52-2017<\/a><\/li><\/ul><hr \/><ul><li><a href=\"https:\/\/www.maga.gob.gt\/download\/codeti-fon22.pdf\">C\u00f3digo de \u00e9tica<\/a><\/li><\/ul><hr \/><ul><li><a href=\"https:\/\/www.maga.gob.gt\/download\/guiaepagro-fon.pdf\">Gu\u00eda para la elaboraci\u00f3n y presentaci\u00f3n de propuestas de proyectos agroproductivos con recursos del fideicomiso -FONAGRO-<\/a><\/li><li><a href=\"https:\/\/www.maga.gob.gt\/download\/manualnp-fon.pdf\">Manual de normas y procedimientos<\/a><\/li><li><a href=\"https:\/\/www.maga.gob.gt\/download\/manualof-fon.pdf\">Manual de organizaci\u00f3n y funciones<\/a><\/li><li><a href=\"https:\/\/www.maga.gob.gt\/download\/politicarec-fon.pdf\">Pol\u00edtica de recuperaciones de la cartera en mora del fideicomiso fondo nacional para la reactivaci\u00f3n y modernizaci\u00f3n de la actividad agropecuaria -FONAGRO-<\/a><\/li><li><a href=\"https:\/\/www.maga.gob.gt\/download\/procedlp-fon.pdf\">Procedimiento para liquidaci\u00f3n de proyectos del \u00abFondo nacional para la reactivaci\u00f3n y modernizaci\u00f3n de la actividad agropecuaria -FONAGRO-\u00ab<\/a><\/li><li><a href=\"https:\/\/www.maga.gob.gt\/download\/guiapro-17.pdf\">Gu\u00eda para a presentaci\u00f3n de propuestas de proyectos al FONAGRO<\/a><\/li><li><a href=\"https:\/\/www.maga.gob.gt\/download\/manualdnp.pdf\">Manual de Normas y Procedimientos<\/a><\/li><li><a href=\"https:\/\/www.maga.gob.gt\/download\/reglamento-fpro.pdf\">Reglamento para el financiamiento de proyectos<\/a><\/li><li><a href=\"https:\/\/www.maga.gob.gt\/download\/reglamento-af.pdf\">Reglamento para la Administraci\u00f3n y Funcionamiento<\/a><\/li><\/ul>\t\t\t\t\t\t\t\t<\/div>\n\t\t\t\t<\/div>\n\t\t\t\t\t<\/div>\n\t\t<\/div>\n\t\t\t\t\t<\/div>\n\t\t<\/section>\n\t\t\t\t<\/div>\n\t\t","protected":false},"excerpt":{"rendered":"<p>Articulo 10 FONAGRO \/ 10.6 &#8211; Manuales de procedimientos 10.6 &#8211; Manuales de procedimientos Actualizaci\u00f3n 16\/08\/2023 Resoluci\u00f3n No. 46-2017 Resoluci\u00f3n No. 47-2017 Resoluci\u00f3n No. 48-2017 Resoluci\u00f3n No. 49-2017 Resoluci\u00f3n No. 51-2017 Resoluci\u00f3n No. 52-2017 C\u00f3digo de \u00e9tica Gu\u00eda para la elaboraci\u00f3n y presentaci\u00f3n de propuestas de proyectos agroproductivos con recursos del fideicomiso -FONAGRO- Manual de normas y procedimientos Manual de organizaci\u00f3n y funciones Pol\u00edtica de recuperaciones de la cartera en mora del fideicomiso fondo nacional para la reactivaci\u00f3n y modernizaci\u00f3n de la actividad agropecuaria -FONAGRO- Procedimiento para liquidaci\u00f3n de proyectos del \u00abFondo nacional para la reactivaci\u00f3n y modernizaci\u00f3n de la actividad agropecuaria -FONAGRO-\u00ab Gu\u00eda para a presentaci\u00f3n de propuestas de proyectos al FONAGRO Manual de Normas y Procedimientos Reglamento para el financiamiento de proyectos Reglamento para la Administraci\u00f3n y Funcionamiento<\/p>\n","protected":false},"author":2,"featured_media":0,"parent":0,"menu_order":0,"comment_status":"closed","ping_status":"closed","template":"","meta":{"_kad_post_transparent":"default","_kad_post_title":"hide","_kad_post_layout":"fullwidth","_kad_post_sidebar_id":"","_kad_post_content_style":"unboxed","_kad_post_vertical_padding":"hide","_kad_post_feature":"hide","_kad_post_feature_position":"","_kad_post_header":false,"_kad_post_footer":false,"footnotes":""},"class_list":["post-2286","page","type-page","status-publish","hentry"],"_links":{"self":[{"href":"https:\/\/www.maga.gob.gt\/sitios\/uip\/wp-json\/wp\/v2\/pages\/2286","targetHints":{"allow":["GET"]}}],"collection":[{"href":"https:\/\/www.maga.gob.gt\/sitios\/uip\/wp-json\/wp\/v2\/pages"}],"about":[{"href":"https:\/\/www.maga.gob.gt\/sitios\/uip\/wp-json\/wp\/v2\/types\/page"}],"author":[{"embeddable":true,"href":"https:\/\/www.maga.gob.gt\/sitios\/uip\/wp-json\/wp\/v2\/users\/2"}],"replies":[{"embeddable":true,"href":"https:\/\/www.maga.gob.gt\/sitios\/uip\/wp-json\/wp\/v2\/comments?post=2286"}],"version-history":[{"count":10,"href":"https:\/\/www.maga.gob.gt\/sitios\/uip\/wp-json\/wp\/v2\/pages\/2286\/revisions"}],"predecessor-version":[{"id":2429,"href":"https:\/\/www.maga.gob.gt\/sitios\/uip\/wp-json\/wp\/v2\/pages\/2286\/revisions\/2429"}],"wp:attachment":[{"href":"https:\/\/www.maga.gob.gt\/sitios\/uip\/wp-json\/wp\/v2\/media?parent=2286"}],"curies":[{"name":"wp","href":"https:\/\/api.w.org\/{rel}","templated":true}]}}