{"id":2274,"date":"2023-09-07T16:50:14","date_gmt":"2023-09-07T16:50:14","guid":{"rendered":"https:\/\/www.maga.gob.gt\/sitios\/uip\/?page_id=2274"},"modified":"2026-04-09T20:41:17","modified_gmt":"2026-04-09T20:41:17","slug":"fonagro-art10-num02","status":"publish","type":"page","link":"https:\/\/www.maga.gob.gt\/sitios\/uip\/fonagro-art10-num02\/","title":{"rendered":"fonagro-art10-num02"},"content":{"rendered":"\t\t<div data-elementor-type=\"wp-page\" data-elementor-id=\"2274\" class=\"elementor elementor-2274\">\n\t\t\t\t\t\t<section class=\"elementor-section elementor-top-section elementor-element elementor-element-124df81 elementor-section-boxed elementor-section-height-default elementor-section-height-default wpr-particle-no wpr-jarallax-no wpr-parallax-no wpr-sticky-section-no\" data-id=\"124df81\" data-element_type=\"section\">\n\t\t\t\t\t\t<div class=\"elementor-container elementor-column-gap-default\">\n\t\t\t\t\t<div class=\"elementor-column elementor-col-100 elementor-top-column elementor-element elementor-element-6ce2929\" data-id=\"6ce2929\" data-element_type=\"column\">\n\t\t\t<div class=\"elementor-widget-wrap elementor-element-populated\">\n\t\t\t\t\t\t<div class=\"elementor-element elementor-element-a62fa3c elementor-widget elementor-widget-text-editor\" data-id=\"a62fa3c\" data-element_type=\"widget\" data-widget_type=\"text-editor.default\">\n\t\t\t\t<div class=\"elementor-widget-container\">\n\t\t\t\t\t\t\t\t\t<p><a href=\"https:\/\/www.maga.gob.gt\/sitios\/uip\/fonagro-articulo-10\/\">Articulo 10 FONAGRO<\/a> \/ 10.2 &#8211; Directorios y tel\u00e9fonos<\/p>\t\t\t\t\t\t\t\t<\/div>\n\t\t\t\t<\/div>\n\t\t\t\t\t<\/div>\n\t\t<\/div>\n\t\t\t\t\t<\/div>\n\t\t<\/section>\n\t\t\t\t<section class=\"elementor-section elementor-top-section elementor-element elementor-element-4bca49c elementor-section-boxed elementor-section-height-default elementor-section-height-default wpr-particle-no wpr-jarallax-no wpr-parallax-no wpr-sticky-section-no\" data-id=\"4bca49c\" data-element_type=\"section\">\n\t\t\t\t\t\t<div class=\"elementor-container elementor-column-gap-default\">\n\t\t\t\t\t<div class=\"elementor-column elementor-col-100 elementor-top-column elementor-element elementor-element-54de2d5\" data-id=\"54de2d5\" data-element_type=\"column\">\n\t\t\t<div class=\"elementor-widget-wrap elementor-element-populated\">\n\t\t\t\t\t\t<div class=\"elementor-element elementor-element-1b4edd3 elementor-widget elementor-widget-heading\" data-id=\"1b4edd3\" data-element_type=\"widget\" data-widget_type=\"heading.default\">\n\t\t\t\t<div class=\"elementor-widget-container\">\n\t\t\t\t\t<h1 class=\"elementor-heading-title elementor-size-default\">10.2 - Directorios y tel\u00e9fonos<\/h1>\t\t\t\t<\/div>\n\t\t\t\t<\/div>\n\t\t\t\t<div class=\"elementor-element elementor-element-ef0e9cb elementor-widget-divider--view-line elementor-widget elementor-widget-divider\" data-id=\"ef0e9cb\" data-element_type=\"widget\" data-widget_type=\"divider.default\">\n\t\t\t\t<div class=\"elementor-widget-container\">\n\t\t\t\t\t\t\t<div class=\"elementor-divider\">\n\t\t\t<span class=\"elementor-divider-separator\">\n\t\t\t\t\t\t<\/span>\n\t\t<\/div>\n\t\t\t\t\t\t<\/div>\n\t\t\t\t<\/div>\n\t\t\t\t\t<\/div>\n\t\t<\/div>\n\t\t\t\t\t<\/div>\n\t\t<\/section>\n\t\t\t\t<section class=\"elementor-section elementor-top-section elementor-element elementor-element-43613aa elementor-section-boxed elementor-section-height-default elementor-section-height-default wpr-particle-no wpr-jarallax-no wpr-parallax-no wpr-sticky-section-no\" data-id=\"43613aa\" data-element_type=\"section\">\n\t\t\t\t\t\t<div class=\"elementor-container elementor-column-gap-default\">\n\t\t\t\t\t<div class=\"elementor-column elementor-col-100 elementor-top-column elementor-element elementor-element-b77802d\" data-id=\"b77802d\" data-element_type=\"column\">\n\t\t\t<div class=\"elementor-widget-wrap elementor-element-populated\">\n\t\t\t\t\t\t<div class=\"elementor-element elementor-element-fdb6bd0 elementor-widget elementor-widget-bdt-accordion\" data-id=\"fdb6bd0\" data-element_type=\"widget\" data-widget_type=\"bdt-accordion.default\">\n\t\t\t\t<div class=\"elementor-widget-container\">\n\t\t\t\t\t        <div class=\"bdt-ep-accordion-container\">\r\n            <div id=\"bdt-ep-accordion-fdb6bd0\" class=\"bdt-ep-accordion bdt-accordion\" data-bdt-accordion=\"{&quot;collapsible&quot;:true,&quot;multiple&quot;:false,&quot;transition&quot;:&quot;ease-in-out&quot;}\" data-settings=\"{&quot;id&quot;:&quot;bdt-ep-accordion-fdb6bd0&quot;,&quot;activeHash&quot;:&quot;no&quot;,&quot;activeScrollspy&quot;:null,&quot;hashTopOffset&quot;:false,&quot;hashScrollspyTime&quot;:false}\">\r\n                                    <div class=\"bdt-ep-accordion-item\">\r\n                        <div class=\"bdt-ep-accordion-title bdt-accordion-title bdt-flex bdt-flex-middle bdt-flex-between\" id=\"bdt-ep-accordion-ao-2026-actualizacin-09042026\" data-accordion-index=\"0\" data-title=\"a-o-2026-actualizaci-n-09-04-2026\" role=\"heading\">\r\n\r\n                                                            <span class=\"bdt-ep-accordion-icon bdt-flex-align-right\" aria-hidden=\"true\">\r\n\r\n                                                                            <span class=\"bdt-ep-accordion-icon-closed\">\r\n                                            <i aria-hidden=\"true\" class=\"fa-fw fas fa-plus\"><\/i>                                        <\/span>\r\n                                    \r\n                                                                            <span class=\"bdt-ep-accordion-icon-opened\">\r\n                                            <i aria-hidden=\"true\" class=\"fa-fw fas fa-minus\"><\/i>                                        <\/span>\r\n                                    \r\n                                <\/span>\r\n                            \r\n                            <span class=\"bdt-ep-title-text bdt-flex bdt-flex-middle\">\r\n\r\n                                                                A\u00f1o 2026 - Actualizaci\u00f3n 09\/04\/2026                            <\/span>\r\n\r\n                        <\/div>\r\n                        <div class=\"bdt-ep-accordion-content bdt-accordion-content\">\r\n                            <table class=\"datos-tabla\"><tbody><tr><td>Enero<\/td><td>\u00a0<\/td><td>|<\/td><td><a href=\"https:\/\/www.maga.gob.gt\/sitios\/uip\/shared-files\/44859\/?102fonagro-ene26.zip\"><img decoding=\"async\" class=\"alignnone wp-image-396564 \" src=\"https:\/\/www.maga.gob.gt\/wp-content\/uploads\/2023\/12\/2656401.png\" alt=\"\" width=\"26\" height=\"26\" \/><\/a><\/td><td>|<\/td><td>\u00a0<\/td><\/tr><tr><td>Febrero<\/td><td><a href=\"https:\/\/www.maga.gob.gt\/sitios\/uip\/shared-files\/46905\/?102fonagro-feb26.xlsx\" data-url=\"https:\/\/www.maga.gob.gt\/download\/inbvm-ene22.xls\"><img decoding=\"async\" class=\"alignnone size-full wp-image-275690\" src=\"https:\/\/www.maga.gob.gt\/wp-content\/uploads\/2021\/04\/modxcel-21q.png\" alt=\"\" width=\"22\" height=\"20\" \/><\/a><\/td><td>|<\/td><td><a href=\"https:\/\/www.maga.gob.gt\/sitios\/uip\/shared-files\/46906\/?102fonagro-feb26.pdf\" data-url=\"https:\/\/www.maga.gob.gt\/download\/inbvm-ene22.pdf\"><img decoding=\"async\" class=\"alignnone size-full wp-image-275691\" src=\"https:\/\/www.maga.gob.gt\/wp-content\/uploads\/2021\/04\/modpdf-21.png\" alt=\"\" width=\"22\" height=\"20\" \/><\/a><\/td><td>|<\/td><td><a href=\"https:\/\/www.maga.gob.gt\/sitios\/uip\/shared-files\/46908\/?102fonagro-feb26.csv\" data-url=\"https:\/\/www.maga.gob.gt\/download\/invvisar-ene22.csv\"><img loading=\"lazy\" decoding=\"async\" class=\"alignnone size-full wp-image-277289\" src=\"https:\/\/www.maga.gob.gt\/wp-content\/uploads\/2021\/08\/modcsv-21.png\" alt=\"\" width=\"22\" height=\"20\" \/><\/a><\/td><\/tr><tr><td>Marzo<\/td><td><a href=\"https:\/\/www.maga.gob.gt\/sitios\/uip\/shared-files\/47604\/?102fonagro-mar26.xlsx\" data-url=\"https:\/\/www.maga.gob.gt\/download\/inbvm-ene22.xls\"><img decoding=\"async\" class=\"alignnone size-full wp-image-275690\" src=\"https:\/\/www.maga.gob.gt\/wp-content\/uploads\/2021\/04\/modxcel-21q.png\" alt=\"\" width=\"22\" height=\"20\" \/><\/a><\/td><td>|<\/td><td><a href=\"https:\/\/www.maga.gob.gt\/sitios\/uip\/shared-files\/47605\/?102fonagro-mar26.pdf\" data-url=\"https:\/\/www.maga.gob.gt\/download\/inbvm-ene22.pdf\"><img decoding=\"async\" class=\"alignnone size-full wp-image-275691\" src=\"https:\/\/www.maga.gob.gt\/wp-content\/uploads\/2021\/04\/modpdf-21.png\" alt=\"\" width=\"22\" height=\"20\" \/><\/a><\/td><td>|<\/td><td><a href=\"https:\/\/www.maga.gob.gt\/sitios\/uip\/shared-files\/47606\/?102fonagro-mar26.csv\" data-url=\"https:\/\/www.maga.gob.gt\/download\/invvisar-ene22.csv\"><img loading=\"lazy\" decoding=\"async\" class=\"alignnone size-full wp-image-277289\" src=\"https:\/\/www.maga.gob.gt\/wp-content\/uploads\/2021\/08\/modcsv-21.png\" alt=\"\" width=\"22\" height=\"20\" \/><\/a><\/td><\/tr><tr><td>Abril<\/td><td>\u00a0<\/td><td>|<\/td><td>\u00a0<\/td><td>|<\/td><td>\u00a0<\/td><\/tr><tr><td>Mayo<\/td><td>\u00a0<\/td><td>|<\/td><td>\u00a0<\/td><td>|<\/td><td>\u00a0<\/td><\/tr><tr><td>Junio<\/td><td>\u00a0<\/td><td>|<\/td><td>\u00a0<\/td><td>|<\/td><td>\u00a0<\/td><\/tr><tr><td>Julio<\/td><td>\u00a0<\/td><td>|<\/td><td>\u00a0<\/td><td>|<\/td><td>\u00a0<\/td><\/tr><tr><td>Agosto<\/td><td>\u00a0<\/td><td>|<\/td><td>\u00a0<\/td><td>|<\/td><td>\u00a0<\/td><\/tr><tr><td>Septiembre<\/td><td>\u00a0<\/td><td>|<\/td><td>\u00a0<\/td><td>|<\/td><td>\u00a0<\/td><\/tr><tr><td>Octubre<\/td><td>\u00a0<\/td><td>|<\/td><td>\u00a0<\/td><td>|<\/td><td>\u00a0<\/td><\/tr><tr><td>Noviembre<\/td><td>\u00a0<\/td><td>|<\/td><td>\u00a0<\/td><td>|<\/td><td>\u00a0<\/td><\/tr><tr><td>Diciembre<\/td><td>\u00a0<\/td><td>|<\/td><td>\u00a0<\/td><td>|<\/td><td>\u00a0<\/td><\/tr><\/tbody><\/table>                        <\/div>\r\n                    <\/div>\r\n                                    <div class=\"bdt-ep-accordion-item\">\r\n                        <div class=\"bdt-ep-accordion-title bdt-accordion-title bdt-flex bdt-flex-middle bdt-flex-between\" id=\"bdt-ep-accordion-ao-2025-actualizacin-19012026\" data-accordion-index=\"1\" data-title=\"a-o-2025-actualizaci-n-19-01-2026\" role=\"heading\">\r\n\r\n                                                            <span class=\"bdt-ep-accordion-icon bdt-flex-align-right\" aria-hidden=\"true\">\r\n\r\n                                                                            <span class=\"bdt-ep-accordion-icon-closed\">\r\n                                            <i aria-hidden=\"true\" class=\"fa-fw fas fa-plus\"><\/i>                                        <\/span>\r\n                                    \r\n                                                                            <span class=\"bdt-ep-accordion-icon-opened\">\r\n                                            <i aria-hidden=\"true\" class=\"fa-fw fas fa-minus\"><\/i>                                        <\/span>\r\n                                    \r\n                                <\/span>\r\n                            \r\n                            <span class=\"bdt-ep-title-text bdt-flex bdt-flex-middle\">\r\n\r\n                                                                A\u00f1o 2025 - Actualizaci\u00f3n 19\/01\/2026                            <\/span>\r\n\r\n                        <\/div>\r\n                        <div class=\"bdt-ep-accordion-content bdt-accordion-content\">\r\n                            <p><a href=\"https:\/\/www.maga.gob.gt\/sitios\/uip\/shared-files\/43566\/?102fonagro-dic25.zip\">Direcci\u00f3n y tel\u00e9fono<\/a><\/p>                        <\/div>\r\n                    <\/div>\r\n                                    <div class=\"bdt-ep-accordion-item\">\r\n                        <div class=\"bdt-ep-accordion-title bdt-accordion-title bdt-flex bdt-flex-middle bdt-flex-between\" id=\"bdt-ep-accordion-ao-2024-actualizacin-01032024\" data-accordion-index=\"2\" data-title=\"a-o-2024-actualizaci-n-01-03-2024\" role=\"heading\">\r\n\r\n                                                            <span class=\"bdt-ep-accordion-icon bdt-flex-align-right\" aria-hidden=\"true\">\r\n\r\n                                                                            <span class=\"bdt-ep-accordion-icon-closed\">\r\n                                            <i aria-hidden=\"true\" class=\"fa-fw fas fa-plus\"><\/i>                                        <\/span>\r\n                                    \r\n                                                                            <span class=\"bdt-ep-accordion-icon-opened\">\r\n                                            <i aria-hidden=\"true\" class=\"fa-fw fas fa-minus\"><\/i>                                        <\/span>\r\n                                    \r\n                                <\/span>\r\n                            \r\n                            <span class=\"bdt-ep-title-text bdt-flex bdt-flex-middle\">\r\n\r\n                                                                A\u00f1o 2024 - Actualizaci\u00f3n 01\/03\/2024                            <\/span>\r\n\r\n                        <\/div>\r\n                        <div class=\"bdt-ep-accordion-content bdt-accordion-content\">\r\n                            <p><a href=\"https:\/\/www.maga.gob.gt\/sitios\/uip\/wp-content\/uploads\/2024\/03\/2dirt-24.pdf\">Direcci\u00f3n y tel\u00e9fono<\/a><\/p>                        <\/div>\r\n                    <\/div>\r\n                                    <div class=\"bdt-ep-accordion-item\">\r\n                        <div class=\"bdt-ep-accordion-title bdt-accordion-title bdt-flex bdt-flex-middle bdt-flex-between\" id=\"bdt-ep-accordion-ao-2023-actualizacin-16082023\" data-accordion-index=\"3\" data-title=\"a-o-2023-actualizaci-n-16-08-2023\" role=\"heading\">\r\n\r\n                                                            <span class=\"bdt-ep-accordion-icon bdt-flex-align-right\" aria-hidden=\"true\">\r\n\r\n                                                                            <span class=\"bdt-ep-accordion-icon-closed\">\r\n                                            <i aria-hidden=\"true\" class=\"fa-fw fas fa-plus\"><\/i>                                        <\/span>\r\n                                    \r\n                                                                            <span class=\"bdt-ep-accordion-icon-opened\">\r\n                                            <i aria-hidden=\"true\" class=\"fa-fw fas fa-minus\"><\/i>                                        <\/span>\r\n                                    \r\n                                <\/span>\r\n                            \r\n                            <span class=\"bdt-ep-title-text bdt-flex bdt-flex-middle\">\r\n\r\n                                                                A\u00f1o 2023 - Actualizaci\u00f3n 16\/08\/2023                            <\/span>\r\n\r\n                        <\/div>\r\n                        <div class=\"bdt-ep-accordion-content bdt-accordion-content\">\r\n                            <p><a href=\"https:\/\/www.maga.gob.gt\/download\/2dirt-fon22.pdf\">Direcci\u00f3n y tel\u00e9fono<\/a><\/p>                        <\/div>\r\n                    <\/div>\r\n                                    <div class=\"bdt-ep-accordion-item\">\r\n                        <div class=\"bdt-ep-accordion-title bdt-accordion-title bdt-flex bdt-flex-middle bdt-flex-between\" id=\"bdt-ep-accordion-ao-2022-actualizacin-14022023\" data-accordion-index=\"4\" data-title=\"a-o-2022-actualizaci-n-14-02-2023\" role=\"heading\">\r\n\r\n                                                            <span class=\"bdt-ep-accordion-icon bdt-flex-align-right\" aria-hidden=\"true\">\r\n\r\n                                                                            <span class=\"bdt-ep-accordion-icon-closed\">\r\n                                            <i aria-hidden=\"true\" class=\"fa-fw fas fa-plus\"><\/i>                                        <\/span>\r\n                                    \r\n                                                                            <span class=\"bdt-ep-accordion-icon-opened\">\r\n                                            <i aria-hidden=\"true\" class=\"fa-fw fas fa-minus\"><\/i>                                        <\/span>\r\n                                    \r\n                                <\/span>\r\n                            \r\n                            <span class=\"bdt-ep-title-text bdt-flex bdt-flex-middle\">\r\n\r\n                                                                A\u00f1o 2022 - Actualizaci\u00f3n 14\/02\/2023                             <\/span>\r\n\r\n                        <\/div>\r\n                        <div class=\"bdt-ep-accordion-content bdt-accordion-content\">\r\n                            <p><a href=\"https:\/\/www.maga.gob.gt\/download\/2dirt-fon22.pdf\">Direcci\u00f3n y tel\u00e9fono<\/a><\/p>                        <\/div>\r\n                    <\/div>\r\n                                    <div class=\"bdt-ep-accordion-item\">\r\n                        <div class=\"bdt-ep-accordion-title bdt-accordion-title bdt-flex bdt-flex-middle bdt-flex-between\" id=\"bdt-ep-accordion-ao-2021-actualizacin-260122\" data-accordion-index=\"5\" data-title=\"a-o-2021-actualizaci-n-26-01-22\" role=\"heading\">\r\n\r\n                                                            <span class=\"bdt-ep-accordion-icon bdt-flex-align-right\" aria-hidden=\"true\">\r\n\r\n                                                                            <span class=\"bdt-ep-accordion-icon-closed\">\r\n                                            <i aria-hidden=\"true\" class=\"fa-fw fas fa-plus\"><\/i>                                        <\/span>\r\n                                    \r\n                                                                            <span class=\"bdt-ep-accordion-icon-opened\">\r\n                                            <i aria-hidden=\"true\" class=\"fa-fw fas fa-minus\"><\/i>                                        <\/span>\r\n                                    \r\n                                <\/span>\r\n                            \r\n                            <span class=\"bdt-ep-title-text bdt-flex bdt-flex-middle\">\r\n\r\n                                                                A\u00f1o 2021 - Actualizaci\u00f3n 26\/01\/22                            <\/span>\r\n\r\n                        <\/div>\r\n                        <div class=\"bdt-ep-accordion-content bdt-accordion-content\">\r\n                            <p><a href=\"https:\/\/www.maga.gob.gt\/download\/2dirt-oct20.xlsx\">Direcci\u00f3n y tel\u00e9fono<\/a><\/p>                        <\/div>\r\n                    <\/div>\r\n                                    <div class=\"bdt-ep-accordion-item\">\r\n                        <div class=\"bdt-ep-accordion-title bdt-accordion-title bdt-flex bdt-flex-middle bdt-flex-between\" id=\"bdt-ep-accordion-ao-2020-actualizacin-200121\" data-accordion-index=\"6\" data-title=\"a-o-2020-actualizaci-n-20-01-21\" role=\"heading\">\r\n\r\n                                                            <span class=\"bdt-ep-accordion-icon bdt-flex-align-right\" aria-hidden=\"true\">\r\n\r\n                                                                            <span class=\"bdt-ep-accordion-icon-closed\">\r\n                                            <i aria-hidden=\"true\" class=\"fa-fw fas fa-plus\"><\/i>                                        <\/span>\r\n                                    \r\n                                                                            <span class=\"bdt-ep-accordion-icon-opened\">\r\n                                            <i aria-hidden=\"true\" class=\"fa-fw fas fa-minus\"><\/i>                                        <\/span>\r\n                                    \r\n                                <\/span>\r\n                            \r\n                            <span class=\"bdt-ep-title-text bdt-flex bdt-flex-middle\">\r\n\r\n                                                                A\u00f1o 2020 - Actualizaci\u00f3n 20\/01\/21                            <\/span>\r\n\r\n                        <\/div>\r\n                        <div class=\"bdt-ep-accordion-content bdt-accordion-content\">\r\n                                                    <\/div>\r\n                    <\/div>\r\n                                    <div class=\"bdt-ep-accordion-item\">\r\n                        <div class=\"bdt-ep-accordion-title bdt-accordion-title bdt-flex bdt-flex-middle bdt-flex-between\" id=\"bdt-ep-accordion-ao-2019-actualizacin-170120\" data-accordion-index=\"7\" data-title=\"a-o-2019-actualizaci-n-17-01-20\" role=\"heading\">\r\n\r\n                                                            <span class=\"bdt-ep-accordion-icon bdt-flex-align-right\" aria-hidden=\"true\">\r\n\r\n                                                                            <span class=\"bdt-ep-accordion-icon-closed\">\r\n                                            <i aria-hidden=\"true\" class=\"fa-fw fas fa-plus\"><\/i>                                        <\/span>\r\n                                    \r\n                                                                            <span class=\"bdt-ep-accordion-icon-opened\">\r\n                                            <i aria-hidden=\"true\" class=\"fa-fw fas fa-minus\"><\/i>                                        <\/span>\r\n                                    \r\n                                <\/span>\r\n                            \r\n                            <span class=\"bdt-ep-title-text bdt-flex bdt-flex-middle\">\r\n\r\n                                                                A\u00f1o 2019 - Actualizaci\u00f3n 17\/01\/20                            <\/span>\r\n\r\n                        <\/div>\r\n                        <div class=\"bdt-ep-accordion-content bdt-accordion-content\">\r\n                            <p><a href=\"https:\/\/www.maga.gob.gt\/download\/dirtelf-abr19.pdf\">Direcci\u00f3n y tel\u00e9fono<\/a><\/p>                        <\/div>\r\n                    <\/div>\r\n                            <\/div>\r\n        <\/div>\r\n    \t\t\t\t<\/div>\n\t\t\t\t<\/div>\n\t\t\t\t\t<\/div>\n\t\t<\/div>\n\t\t\t\t\t<\/div>\n\t\t<\/section>\n\t\t\t\t<\/div>\n\t\t","protected":false},"excerpt":{"rendered":"<p>Articulo 10 FONAGRO \/ 10.2 &#8211; Directorios y tel\u00e9fonos 10.2 &#8211; Directorios y tel\u00e9fonos A\u00f1o 2026 &#8211; Actualizaci\u00f3n 09\/04\/2026 Enero \u00a0 | | \u00a0 Febrero | | Marzo | | Abril \u00a0 | \u00a0 | \u00a0 Mayo \u00a0 | \u00a0 | \u00a0 Junio \u00a0 | \u00a0 | \u00a0 Julio \u00a0 | \u00a0 | \u00a0 Agosto \u00a0 | \u00a0 | \u00a0 Septiembre \u00a0 | \u00a0 | \u00a0 Octubre \u00a0 | \u00a0 | \u00a0 Noviembre \u00a0 | \u00a0 | \u00a0 Diciembre \u00a0 | \u00a0 | \u00a0 A\u00f1o 2025 &#8211; Actualizaci\u00f3n 19\/01\/2026 Direcci\u00f3n y tel\u00e9fono A\u00f1o 2024 &#8211; Actualizaci\u00f3n 01\/03\/2024 Direcci\u00f3n y tel\u00e9fono A\u00f1o 2023 &#8211; Actualizaci\u00f3n 16\/08\/2023 Direcci\u00f3n y tel\u00e9fono A\u00f1o 2022 &#8211; Actualizaci\u00f3n 14\/02\/2023 Direcci\u00f3n y tel\u00e9fono A\u00f1o 2021 &#8211; Actualizaci\u00f3n 26\/01\/22 Direcci\u00f3n y tel\u00e9fono A\u00f1o 2020 &#8211; Actualizaci\u00f3n 20\/01\/21 A\u00f1o 2019 &#8211; Actualizaci\u00f3n 17\/01\/20 Direcci\u00f3n y tel\u00e9fono<\/p>\n","protected":false},"author":2,"featured_media":0,"parent":0,"menu_order":0,"comment_status":"closed","ping_status":"closed","template":"","meta":{"_kad_post_transparent":"default","_kad_post_title":"hide","_kad_post_layout":"fullwidth","_kad_post_sidebar_id":"","_kad_post_content_style":"unboxed","_kad_post_vertical_padding":"hide","_kad_post_feature":"hide","_kad_post_feature_position":"","_kad_post_header":false,"_kad_post_footer":false,"footnotes":""},"class_list":["post-2274","page","type-page","status-publish","hentry"],"_links":{"self":[{"href":"https:\/\/www.maga.gob.gt\/sitios\/uip\/wp-json\/wp\/v2\/pages\/2274","targetHints":{"allow":["GET"]}}],"collection":[{"href":"https:\/\/www.maga.gob.gt\/sitios\/uip\/wp-json\/wp\/v2\/pages"}],"about":[{"href":"https:\/\/www.maga.gob.gt\/sitios\/uip\/wp-json\/wp\/v2\/types\/page"}],"author":[{"embeddable":true,"href":"https:\/\/www.maga.gob.gt\/sitios\/uip\/wp-json\/wp\/v2\/users\/2"}],"replies":[{"embeddable":true,"href":"https:\/\/www.maga.gob.gt\/sitios\/uip\/wp-json\/wp\/v2\/comments?post=2274"}],"version-history":[{"count":58,"href":"https:\/\/www.maga.gob.gt\/sitios\/uip\/wp-json\/wp\/v2\/pages\/2274\/revisions"}],"predecessor-version":[{"id":47609,"href":"https:\/\/www.maga.gob.gt\/sitios\/uip\/wp-json\/wp\/v2\/pages\/2274\/revisions\/47609"}],"wp:attachment":[{"href":"https:\/\/www.maga.gob.gt\/sitios\/uip\/wp-json\/wp\/v2\/media?parent=2274"}],"curies":[{"name":"wp","href":"https:\/\/api.w.org\/{rel}","templated":true}]}}